{"id":7625,"date":"2025-10-17T15:12:11","date_gmt":"2025-10-17T21:12:11","guid":{"rendered":"https:\/\/libreriahistoriasdebolsillo.com\/?post_type=product&#038;p=7625"},"modified":"2026-03-21T12:15:11","modified_gmt":"2026-03-21T18:15:11","slug":"dogtown","status":"publish","type":"product","link":"https:\/\/libreriahistoriasdebolsillo.com\/index.php\/producto\/dogtown\/","title":{"rendered":"Dogtown"},"content":{"rendered":"<p>Una historia inolvidable sobre segundas oportunidades, la familia que elegimos y el poder del amor, sin importar de qu\u00e9 est\u00e9s hecho. Suerte sol\u00eda tener un hogar amoroso, hasta que termin\u00f3 en las manos equivocadas. Ahora, con una pata menos y un coraz\u00f3n lleno de cicatrices, sobrevive en Dogtown, un refugio donde perros reales y robots esperan ser adoptados. Cabeza de Metal es un robot muy particular. A diferencia de los dem\u00e1s, \u00e9l puede hablar tanto el idioma de los humanos como el de los perros y, aunque est\u00e1 hecho con circuitos, puede sentir y pensar. En su intento por volver a casa, Cabeza de Metal enreda a Suerte y a su amigo Rat\u00f3n en una aventura en la que descubrir\u00e1n que la verdadera amistad no entiende de cables ni cicatrices. Y mientras Cabeza de Metal comprende lo que significa ser un perro de verdad y tener un coraz\u00f3n, Suerte tambi\u00e9n aprender\u00e1 que la esperanza nunca est\u00e1 perdida.<\/p>\n","protected":false},"excerpt":{"rendered":"<p>Katherine Applegate<br \/>\n352 p\u00e1ginas<\/p>\n","protected":false},"featured_media":7626,"template":"","meta":{"_joinchat":[]},"product_brand":[],"product_cat":[54,52,70],"product_tag":[48],"class_list":{"0":"post-7625","1":"product","2":"type-product","3":"status-publish","4":"has-post-thumbnail","6":"product_cat-infantil","7":"product_cat-juvenil","8":"product_cat-novedades","9":"product_tag-vr-editoras","11":"first","12":"instock","13":"shipping-taxable","14":"purchasable","15":"product-type-simple"},"_links":{"self":[{"href":"https:\/\/libreriahistoriasdebolsillo.com\/index.php\/wp-json\/wp\/v2\/product\/7625","targetHints":{"allow":["GET"]}}],"collection":[{"href":"https:\/\/libreriahistoriasdebolsillo.com\/index.php\/wp-json\/wp\/v2\/product"}],"about":[{"href":"https:\/\/libreriahistoriasdebolsillo.com\/index.php\/wp-json\/wp\/v2\/types\/product"}],"wp:featuredmedia":[{"embeddable":true,"href":"https:\/\/libreriahistoriasdebolsillo.com\/index.php\/wp-json\/wp\/v2\/media\/7626"}],"wp:attachment":[{"href":"https:\/\/libreriahistoriasdebolsillo.com\/index.php\/wp-json\/wp\/v2\/media?parent=7625"}],"wp:term":[{"taxonomy":"product_brand","embeddable":true,"href":"https:\/\/libreriahistoriasdebolsillo.com\/index.php\/wp-json\/wp\/v2\/product_brand?post=7625"},{"taxonomy":"product_cat","embeddable":true,"href":"https:\/\/libreriahistoriasdebolsillo.com\/index.php\/wp-json\/wp\/v2\/product_cat?post=7625"},{"taxonomy":"product_tag","embeddable":true,"href":"https:\/\/libreriahistoriasdebolsillo.com\/index.php\/wp-json\/wp\/v2\/product_tag?post=7625"}],"curies":[{"name":"wp","href":"https:\/\/api.w.org\/{rel}","templated":true}]}}