{"id":764,"date":"2023-11-20T16:49:38","date_gmt":"2023-11-20T22:49:38","guid":{"rendered":"https:\/\/libreriahistoriasdebolsillo.com\/?post_type=product&#038;p=764"},"modified":"2025-02-14T18:13:51","modified_gmt":"2025-02-15T00:13:51","slug":"todo-el-viento-del-mundo","status":"publish","type":"product","link":"https:\/\/libreriahistoriasdebolsillo.com\/index.php\/producto\/todo-el-viento-del-mundo\/","title":{"rendered":"Todo el viento del mundo"},"content":{"rendered":"<p>En un desolado futuro cercano, Sarah y James vagan por el desierto. Van de rancho en rancho cortando agaves por unos m\u00edseros centavos. Hace tiempo que partieron de Chicago, donde Sarah perdi\u00f3 a su hermana peque\u00f1a y, desde ese entonces, han aprendido a trabajar duro y a mantener su amor escondido para protegerse en esas interminables tierras, peligrosas y llenas de secretos. Cuando Sarah y James est\u00e1n empezando a establecerse y comienzan a ahorrar algo de dinero para el hogar que sue\u00f1an, un terrible accidente los obliga a huir hasta el pr\u00f3ximo rancho. As\u00ed llegan a Lo real maravilloso, un lugar del que les advierten tengan cuidado, ya que est\u00e1 maldito. All\u00ed suceden cosas extra\u00f1as, y el delicado equilibrio de sus vidas comienza a ceder. Sobrevivir tiene un costo muy alto. Todo el viento del mundo es un impresionante cuento de terror y peligro, romance y redenci\u00f3n.<\/p>\n","protected":false},"excerpt":{"rendered":"<p>Samantha Mabry<\/p>\n","protected":false},"featured_media":765,"template":"","meta":{"_joinchat":[]},"product_brand":[],"product_cat":[33,52],"product_tag":[48],"class_list":{"0":"post-764","1":"product","2":"type-product","3":"status-publish","4":"has-post-thumbnail","6":"product_cat-ficcion-general","7":"product_cat-juvenil","8":"product_tag-vr-editoras","10":"first","11":"outofstock","12":"shipping-taxable","13":"purchasable","14":"product-type-simple"},"_links":{"self":[{"href":"https:\/\/libreriahistoriasdebolsillo.com\/index.php\/wp-json\/wp\/v2\/product\/764","targetHints":{"allow":["GET"]}}],"collection":[{"href":"https:\/\/libreriahistoriasdebolsillo.com\/index.php\/wp-json\/wp\/v2\/product"}],"about":[{"href":"https:\/\/libreriahistoriasdebolsillo.com\/index.php\/wp-json\/wp\/v2\/types\/product"}],"wp:featuredmedia":[{"embeddable":true,"href":"https:\/\/libreriahistoriasdebolsillo.com\/index.php\/wp-json\/wp\/v2\/media\/765"}],"wp:attachment":[{"href":"https:\/\/libreriahistoriasdebolsillo.com\/index.php\/wp-json\/wp\/v2\/media?parent=764"}],"wp:term":[{"taxonomy":"product_brand","embeddable":true,"href":"https:\/\/libreriahistoriasdebolsillo.com\/index.php\/wp-json\/wp\/v2\/product_brand?post=764"},{"taxonomy":"product_cat","embeddable":true,"href":"https:\/\/libreriahistoriasdebolsillo.com\/index.php\/wp-json\/wp\/v2\/product_cat?post=764"},{"taxonomy":"product_tag","embeddable":true,"href":"https:\/\/libreriahistoriasdebolsillo.com\/index.php\/wp-json\/wp\/v2\/product_tag?post=764"}],"curies":[{"name":"wp","href":"https:\/\/api.w.org\/{rel}","templated":true}]}}