{"id":7652,"date":"2025-10-23T11:22:35","date_gmt":"2025-10-23T17:22:35","guid":{"rendered":"https:\/\/libreriahistoriasdebolsillo.com\/?post_type=product&#038;p=7652"},"modified":"2026-02-10T16:32:19","modified_gmt":"2026-02-10T22:32:19","slug":"mi-reflejo-en-tu-mirada","status":"publish","type":"product","link":"https:\/\/libreriahistoriasdebolsillo.com\/index.php\/producto\/mi-reflejo-en-tu-mirada\/","title":{"rendered":"Mi reflejo en tu mirada"},"content":{"rendered":"<div class=\"justify\">\n<p><i><b>M\u00eda Spencer es una estrella internacional. Hermosa, talentosa y admirada por todo el mundo. Su vida parece un sue\u00f1o\u2026 pero es una pesadilla cuidadosamente disfrazada.<\/b><\/i><\/p>\n<\/div>\n<div class=\"justify\">\n<p>Tras\u00a0<b>un exceso<\/b>\u00a0que casi le cuesta la vida, M\u00eda toma una decisi\u00f3n desesperada:\u00a0<b>huir<\/b>. Escapa a un peque\u00f1o\u00a0<b>pueblo en Italia<\/b>, buscando sanar, olvidar\u2026 o al menos sobrevivir.<\/p>\n<p>Lo que no sabe es que ese rinc\u00f3n perdido le tiene preparada una\u00a0<b>segunda<\/b>\u00a0<b>oportunidad<\/b>: un joven misterioso le mostrar\u00e1 que la vida a\u00fan guarda belleza y sentido, pero tambi\u00e9n le revelar\u00e1 un\u00a0<b>pasado que cre\u00eda enterrado<\/b>.<\/p>\n<\/div>\n","protected":false},"excerpt":{"rendered":"<p>Carolina Concha<br \/>\n344 p\u00e1ginas<\/p>\n","protected":false},"featured_media":7653,"template":"","meta":{"_joinchat":[]},"product_brand":[],"product_cat":[52,70],"product_tag":[34],"class_list":{"0":"post-7652","1":"product","2":"type-product","3":"status-publish","4":"has-post-thumbnail","6":"product_cat-juvenil","7":"product_cat-novedades","8":"product_tag-penguin-random-house","10":"first","11":"outofstock","12":"shipping-taxable","13":"purchasable","14":"product-type-simple"},"_links":{"self":[{"href":"https:\/\/libreriahistoriasdebolsillo.com\/index.php\/wp-json\/wp\/v2\/product\/7652","targetHints":{"allow":["GET"]}}],"collection":[{"href":"https:\/\/libreriahistoriasdebolsillo.com\/index.php\/wp-json\/wp\/v2\/product"}],"about":[{"href":"https:\/\/libreriahistoriasdebolsillo.com\/index.php\/wp-json\/wp\/v2\/types\/product"}],"wp:featuredmedia":[{"embeddable":true,"href":"https:\/\/libreriahistoriasdebolsillo.com\/index.php\/wp-json\/wp\/v2\/media\/7653"}],"wp:attachment":[{"href":"https:\/\/libreriahistoriasdebolsillo.com\/index.php\/wp-json\/wp\/v2\/media?parent=7652"}],"wp:term":[{"taxonomy":"product_brand","embeddable":true,"href":"https:\/\/libreriahistoriasdebolsillo.com\/index.php\/wp-json\/wp\/v2\/product_brand?post=7652"},{"taxonomy":"product_cat","embeddable":true,"href":"https:\/\/libreriahistoriasdebolsillo.com\/index.php\/wp-json\/wp\/v2\/product_cat?post=7652"},{"taxonomy":"product_tag","embeddable":true,"href":"https:\/\/libreriahistoriasdebolsillo.com\/index.php\/wp-json\/wp\/v2\/product_tag?post=7652"}],"curies":[{"name":"wp","href":"https:\/\/api.w.org\/{rel}","templated":true}]}}