{"id":7678,"date":"2025-11-05T14:37:15","date_gmt":"2025-11-05T20:37:15","guid":{"rendered":"https:\/\/libreriahistoriasdebolsillo.com\/?post_type=product&#038;p=7678"},"modified":"2026-03-10T12:46:09","modified_gmt":"2026-03-10T18:46:09","slug":"rosie-frost-1-rosie-frost-y-la-reina-halcon","status":"publish","type":"product","link":"https:\/\/libreriahistoriasdebolsillo.com\/index.php\/producto\/rosie-frost-1-rosie-frost-y-la-reina-halcon\/","title":{"rendered":"Rosie Frost 1. Rosie Frost y la reina Halc\u00f3n"},"content":{"rendered":"<div class=\"justify\">\n<p><b>Una novela de fantas\u00eda llena de misterio, magia, aventura, secretos y traiciones llega de la mano de la autora y cantante de las\u00a0<\/b><b>Spice<\/b>\u00a0<b>Girls, Geri Halliwell-Horner.<\/b><\/p>\n<\/div>\n<div class=\"justify\">\n<p><b>Es hora de descubrir tu poder<\/b><\/p>\n<p>Tras la muerte de su madre, Rosie Frost es enviada a la misteriosa isla Bloodstone, que acoge una\u00a0<b>escuela de \u00e9lite para<\/b>\u00a0<b>chicos y chicas extraordinarios<\/b>\u00a0y hace de refugio para especies en peligro de extinci\u00f3n. Ah\u00ed descubrir\u00e1 que\u00a0<b>las historias pueden hacerse realidad<\/b>\u00a0de maneras que jam\u00e1s hubiese imaginado\u2026<\/p>\n<p>Cuando la isla se encuentre en peligro, Rosie no dudar\u00e1 en participar y ganar\u00a0<b>los juegos de la reina Halc\u00f3n<\/b>\u00a0para salvar todo lo que la isla protege. Pero no podr\u00e1 hacerlo sola\u2026<\/p>\n<p><b>Creer en s\u00ed misma y en sus amigos es el primer paso para sacar la magia que lleva dentro.<\/b><\/p>\n<\/div>\n","protected":false},"excerpt":{"rendered":"<p>Geri Halliwell-Horner<br \/>\n464 p\u00e1ginas<\/p>\n","protected":false},"featured_media":7679,"template":"","meta":{"_joinchat":[]},"product_brand":[],"product_cat":[39,52,70],"product_tag":[34],"class_list":{"0":"post-7678","1":"product","2":"type-product","3":"status-publish","4":"has-post-thumbnail","6":"product_cat-fantasia","7":"product_cat-juvenil","8":"product_cat-novedades","9":"product_tag-penguin-random-house","11":"first","12":"outofstock","13":"shipping-taxable","14":"purchasable","15":"product-type-simple"},"_links":{"self":[{"href":"https:\/\/libreriahistoriasdebolsillo.com\/index.php\/wp-json\/wp\/v2\/product\/7678","targetHints":{"allow":["GET"]}}],"collection":[{"href":"https:\/\/libreriahistoriasdebolsillo.com\/index.php\/wp-json\/wp\/v2\/product"}],"about":[{"href":"https:\/\/libreriahistoriasdebolsillo.com\/index.php\/wp-json\/wp\/v2\/types\/product"}],"wp:featuredmedia":[{"embeddable":true,"href":"https:\/\/libreriahistoriasdebolsillo.com\/index.php\/wp-json\/wp\/v2\/media\/7679"}],"wp:attachment":[{"href":"https:\/\/libreriahistoriasdebolsillo.com\/index.php\/wp-json\/wp\/v2\/media?parent=7678"}],"wp:term":[{"taxonomy":"product_brand","embeddable":true,"href":"https:\/\/libreriahistoriasdebolsillo.com\/index.php\/wp-json\/wp\/v2\/product_brand?post=7678"},{"taxonomy":"product_cat","embeddable":true,"href":"https:\/\/libreriahistoriasdebolsillo.com\/index.php\/wp-json\/wp\/v2\/product_cat?post=7678"},{"taxonomy":"product_tag","embeddable":true,"href":"https:\/\/libreriahistoriasdebolsillo.com\/index.php\/wp-json\/wp\/v2\/product_tag?post=7678"}],"curies":[{"name":"wp","href":"https:\/\/api.w.org\/{rel}","templated":true}]}}