{"id":7684,"date":"2025-11-05T14:43:54","date_gmt":"2025-11-05T20:43:54","guid":{"rendered":"https:\/\/libreriahistoriasdebolsillo.com\/?post_type=product&#038;p=7684"},"modified":"2026-03-10T12:45:46","modified_gmt":"2026-03-10T18:45:46","slug":"el-circulo-de-los-dias","status":"publish","type":"product","link":"https:\/\/libreriahistoriasdebolsillo.com\/index.php\/producto\/el-circulo-de-los-dias\/","title":{"rendered":"El c\u00edrculo de los d\u00edas"},"content":{"rendered":"<div class=\"justify\">\n<p><b>Ken Follett se adentra en su \u00e9pica nueva novela en uno de los mayores misterios de la historia: la construcci\u00f3n de Stonehenge.<\/b><\/p>\n<\/div>\n<div class=\"justify\">\n<p><b>UN MINERO DEL S\u00cdLEX CON UN DON<\/b><br \/>\nSeft, un extractor de s\u00edlex con un talento \u00fanico, recorre la Gran Llanura en pleno calor estival para presenciar los rituales que se\u00f1alan el comienzo de un nuevo a\u00f1o. Est\u00e1 all\u00ed para intercambiar sus piedras en las celebraciones del solsticio y encontrarse con Neen, la chica a la que ama. La pr\u00f3spera familia de Neen le ofrece adem\u00e1s una forma de escapar de la brutalidad de su padre y sus hermanos acogi\u00e9ndolo en su comunidad de ganaderos.<\/p>\n<p><b>UNA SACERDOTISA QUE CREE EN LO IMPOSIBLE<\/b><br \/>\nJoia, la hermana de Neen, es una sacerdotisa idealista y con una incre\u00edble capacidad de liderazgo. De ni\u00f1a, asiste cautivada a la Ceremonia del Solsticio de Verano y sue\u00f1a con un nuevo y espectacular monumento levantado con las piedras m\u00e1s imponentes del mundo. Pero la agitaci\u00f3n est\u00e1 creciendo en las colinas y bosques de la Gran Llanura.<\/p>\n<p><b>UN MONUMENTO QUE DEFINIR\u00c1 A UNA CIVILIZACI\u00d3N<\/b><br \/>\nLa visi\u00f3n de Joia de un enorme c\u00edrculo de piedras, reunidas por las divididas tribus de la Gran Llanura, inspirar\u00e1 a Seft y se convertir\u00e1 en la obra de su vida. Sin embargo, a medida que la sequ\u00eda arrase la tierra, la desconfianza crecer\u00e1 entre los ganaderos, los cultivadores y los habitantes de los bosques&#8230;, y un acto de violencia salvaje provocar\u00e1 una guerra abierta.<\/p>\n<\/div>\n","protected":false},"excerpt":{"rendered":"<p>Ken Follet<br \/>\n768 p\u00e1ginas<\/p>\n","protected":false},"featured_media":7685,"template":"","meta":{"_joinchat":[]},"product_brand":[],"product_cat":[56,70],"product_tag":[34],"class_list":{"0":"post-7684","1":"product","2":"type-product","3":"status-publish","4":"has-post-thumbnail","6":"product_cat-historica","7":"product_cat-novedades","8":"product_tag-penguin-random-house","10":"first","11":"outofstock","12":"shipping-taxable","13":"purchasable","14":"product-type-simple"},"_links":{"self":[{"href":"https:\/\/libreriahistoriasdebolsillo.com\/index.php\/wp-json\/wp\/v2\/product\/7684","targetHints":{"allow":["GET"]}}],"collection":[{"href":"https:\/\/libreriahistoriasdebolsillo.com\/index.php\/wp-json\/wp\/v2\/product"}],"about":[{"href":"https:\/\/libreriahistoriasdebolsillo.com\/index.php\/wp-json\/wp\/v2\/types\/product"}],"wp:featuredmedia":[{"embeddable":true,"href":"https:\/\/libreriahistoriasdebolsillo.com\/index.php\/wp-json\/wp\/v2\/media\/7685"}],"wp:attachment":[{"href":"https:\/\/libreriahistoriasdebolsillo.com\/index.php\/wp-json\/wp\/v2\/media?parent=7684"}],"wp:term":[{"taxonomy":"product_brand","embeddable":true,"href":"https:\/\/libreriahistoriasdebolsillo.com\/index.php\/wp-json\/wp\/v2\/product_brand?post=7684"},{"taxonomy":"product_cat","embeddable":true,"href":"https:\/\/libreriahistoriasdebolsillo.com\/index.php\/wp-json\/wp\/v2\/product_cat?post=7684"},{"taxonomy":"product_tag","embeddable":true,"href":"https:\/\/libreriahistoriasdebolsillo.com\/index.php\/wp-json\/wp\/v2\/product_tag?post=7684"}],"curies":[{"name":"wp","href":"https:\/\/api.w.org\/{rel}","templated":true}]}}