{"id":7718,"date":"2025-11-05T15:37:51","date_gmt":"2025-11-05T21:37:51","guid":{"rendered":"https:\/\/libreriahistoriasdebolsillo.com\/?post_type=product&#038;p=7718"},"modified":"2025-11-21T13:12:15","modified_gmt":"2025-11-21T19:12:15","slug":"tokyo-ever-after-princesa-por-sorpresa","status":"publish","type":"product","link":"https:\/\/libreriahistoriasdebolsillo.com\/index.php\/producto\/tokyo-ever-after-princesa-por-sorpresa\/","title":{"rendered":"Tokyo Ever After. Princesa por sorpresa"},"content":{"rendered":"<p><b>Izzy tiene una vida normal hasta que un d\u00eda descubre que es&#8230;<\/b><\/p>\n<p><b>\u00a1la princesa heredera de Jap\u00f3n!<\/b><\/p>\n<p>Izumi Tanaka siempre se ha sentido fuera de lugar -realmente no es f\u00e1cil ser una chica americana de origen japon\u00e9s en el pueblecito m\u00e1s remoto de Carolina del Norte-. Izumi, Izzy, ha crecido con su madre y juntas son un equipo inseparable. Pero cuando Izzy descubre una pista sobre qui\u00e9n podr\u00eda ser su padre, a quien no ha conocido nunca\u2026, su vida cambiar\u00e1 como nunca se podr\u00eda haber imaginado convirti\u00e9ndose en la princesa heredera de Jap\u00f3n.<\/p>\n<p>Pero ser princesa no ser\u00e1 el perfecto cuento de hadas: primas conspiradoras, una prensa acosadora, un guardaespaldas guapo pero ce\u00f1udo que podr\u00eda ser su alma gemela, y miles de a\u00f1os de tradici\u00f3n y costumbres que tendr\u00e1 que aprender pr\u00e1cticamente de la noche a la ma\u00f1ana.<\/p>\n<p>Izzy pronto se encontrar\u00e1 atrapada entre dos mundos y entre diferentes versiones de s\u00ed misma. \u00bfSe derrumbar\u00e1 bajo el peso de la corona o vivir\u00e1 su cuento de hadas?<\/p>\n<p>\u00bfCu\u00e1l de los dos caminos tendr\u00e1 un final feliz?<\/p>\n<p><b>Si te despiertas un d\u00eda<\/b><\/p>\n<p><b>con tu mundo del rev\u00e9s\u2026<\/b><\/p>\n<p><b>Puedes quedarte quieta<\/b><\/p>\n<p><b>o lanzarte a descubrirlo.<\/b><\/p>\n","protected":false},"excerpt":{"rendered":"<p>Emiko Jean<br \/>\n400 p\u00e1ginas<\/p>\n","protected":false},"featured_media":7719,"template":"","meta":{"_joinchat":[]},"product_brand":[],"product_cat":[52,51],"product_tag":[34],"class_list":{"0":"post-7718","1":"product","2":"type-product","3":"status-publish","4":"has-post-thumbnail","6":"product_cat-juvenil","7":"product_cat-oferta","8":"product_tag-penguin-random-house","10":"first","11":"instock","12":"shipping-taxable","13":"purchasable","14":"product-type-simple"},"_links":{"self":[{"href":"https:\/\/libreriahistoriasdebolsillo.com\/index.php\/wp-json\/wp\/v2\/product\/7718","targetHints":{"allow":["GET"]}}],"collection":[{"href":"https:\/\/libreriahistoriasdebolsillo.com\/index.php\/wp-json\/wp\/v2\/product"}],"about":[{"href":"https:\/\/libreriahistoriasdebolsillo.com\/index.php\/wp-json\/wp\/v2\/types\/product"}],"wp:featuredmedia":[{"embeddable":true,"href":"https:\/\/libreriahistoriasdebolsillo.com\/index.php\/wp-json\/wp\/v2\/media\/7719"}],"wp:attachment":[{"href":"https:\/\/libreriahistoriasdebolsillo.com\/index.php\/wp-json\/wp\/v2\/media?parent=7718"}],"wp:term":[{"taxonomy":"product_brand","embeddable":true,"href":"https:\/\/libreriahistoriasdebolsillo.com\/index.php\/wp-json\/wp\/v2\/product_brand?post=7718"},{"taxonomy":"product_cat","embeddable":true,"href":"https:\/\/libreriahistoriasdebolsillo.com\/index.php\/wp-json\/wp\/v2\/product_cat?post=7718"},{"taxonomy":"product_tag","embeddable":true,"href":"https:\/\/libreriahistoriasdebolsillo.com\/index.php\/wp-json\/wp\/v2\/product_tag?post=7718"}],"curies":[{"name":"wp","href":"https:\/\/api.w.org\/{rel}","templated":true}]}}