{"id":7730,"date":"2025-11-06T17:34:49","date_gmt":"2025-11-06T23:34:49","guid":{"rendered":"https:\/\/libreriahistoriasdebolsillo.com\/?post_type=product&#038;p=7730"},"modified":"2026-02-25T13:36:16","modified_gmt":"2026-02-25T19:36:16","slug":"el-matrimonio-perfecto","status":"publish","type":"product","link":"https:\/\/libreriahistoriasdebolsillo.com\/index.php\/producto\/el-matrimonio-perfecto\/","title":{"rendered":"El matrimonio perfecto"},"content":{"rendered":"<p>Sarah Morgan es una de las mejores abogadas penalistas de Washington D. C. Tiene un historial impecable y la han nombrado socia del despacho antes de cumplir los treinta y cinco a\u00f1os. Su vida va exactamente como hab\u00eda planeado. De su marido, por el contrario, no se puede decir lo mismo: Adam es un escritor fracasado que adem\u00e1s est\u00e1 resentido por el \u00e9xito rotundo de su mujer. Durante casi dos a\u00f1os, Adam ha mantenido en secreto una aventura con Kelly Summers, pero todo cambia cuando ella aparece muerta en la casa del lago del matrimonio y \u00e9l es arrestado como principal sospechoso. Entonces, Sarah toma una decisi\u00f3n dif\u00edcil y se enfrenta al caso m\u00e1s duro: defender a su marido, acusado de asesinar a su amante. Despu\u00e9s de todo, ning\u00fan matrimonio es perfecto.<\/p>\n","protected":false},"excerpt":{"rendered":"<p>Jeneva Rose<br \/>\n348 p\u00e1ginas<\/p>\n","protected":false},"featured_media":7731,"template":"","meta":{"_joinchat":[]},"product_brand":[],"product_cat":[37,70],"product_tag":[48],"class_list":{"0":"post-7730","1":"product","2":"type-product","3":"status-publish","4":"has-post-thumbnail","6":"product_cat-misterio-y-thriller","7":"product_cat-novedades","8":"product_tag-vr-editoras","10":"first","11":"instock","12":"shipping-taxable","13":"purchasable","14":"product-type-simple"},"_links":{"self":[{"href":"https:\/\/libreriahistoriasdebolsillo.com\/index.php\/wp-json\/wp\/v2\/product\/7730","targetHints":{"allow":["GET"]}}],"collection":[{"href":"https:\/\/libreriahistoriasdebolsillo.com\/index.php\/wp-json\/wp\/v2\/product"}],"about":[{"href":"https:\/\/libreriahistoriasdebolsillo.com\/index.php\/wp-json\/wp\/v2\/types\/product"}],"wp:featuredmedia":[{"embeddable":true,"href":"https:\/\/libreriahistoriasdebolsillo.com\/index.php\/wp-json\/wp\/v2\/media\/7731"}],"wp:attachment":[{"href":"https:\/\/libreriahistoriasdebolsillo.com\/index.php\/wp-json\/wp\/v2\/media?parent=7730"}],"wp:term":[{"taxonomy":"product_brand","embeddable":true,"href":"https:\/\/libreriahistoriasdebolsillo.com\/index.php\/wp-json\/wp\/v2\/product_brand?post=7730"},{"taxonomy":"product_cat","embeddable":true,"href":"https:\/\/libreriahistoriasdebolsillo.com\/index.php\/wp-json\/wp\/v2\/product_cat?post=7730"},{"taxonomy":"product_tag","embeddable":true,"href":"https:\/\/libreriahistoriasdebolsillo.com\/index.php\/wp-json\/wp\/v2\/product_tag?post=7730"}],"curies":[{"name":"wp","href":"https:\/\/api.w.org\/{rel}","templated":true}]}}