{"id":7747,"date":"2025-11-12T12:48:39","date_gmt":"2025-11-12T18:48:39","guid":{"rendered":"https:\/\/libreriahistoriasdebolsillo.com\/?post_type=product&#038;p=7747"},"modified":"2025-11-12T12:48:40","modified_gmt":"2025-11-12T18:48:40","slug":"historia-de-dos-principes","status":"publish","type":"product","link":"https:\/\/libreriahistoriasdebolsillo.com\/index.php\/producto\/historia-de-dos-principes\/","title":{"rendered":"Historia de dos pr\u00edncipes"},"content":{"rendered":"<p>Edward tiene la vida perfecta: adora recibir el trato de la realeza en su exclusiva escuela privada de Manhattan y vivir en una lujosa mansi\u00f3n en Park Avenue. Pero no sabe c\u00f3mo decirles a sus padres, a su pa\u00eds expectante, y a sus fan\u00e1ticos que es\u2026 gay.<br \/>\nBilly est\u00e1 m\u00e1s feliz que nunca: ama la vida de pueblo en el rancho de su familia en Montana, y su novio es el chico m\u00e1s guapo de toda la escuela.<\/p>\n<p>Pero, aunque le cueste admitirlo, siente que est\u00e1 destinado a algo\u2026 m\u00e1s. Cuando Edward y Billy se encuentren por casualidad y descubran la verdad, sus vidas cambiar\u00e1n para siempre. Juntos deber\u00e1n afrontar la secundaria, el ojo p\u00fablico, salir del cl\u00f3set y sobrevivir a las coronaciones. Pero \u00bfy si su reencuentro se convirtiera r\u00e1pidamente en un desastre real?<\/p>\n","protected":false},"excerpt":{"rendered":"<p>Eric Geron<br \/>\n528 p\u00e1ginas<\/p>\n","protected":false},"featured_media":7748,"template":"","meta":{"_joinchat":[]},"product_brand":[],"product_cat":[38,70],"product_tag":[48],"class_list":{"0":"post-7747","1":"product","2":"type-product","3":"status-publish","4":"has-post-thumbnail","6":"product_cat-lgbtq","7":"product_cat-novedades","8":"product_tag-vr-editoras","10":"first","11":"instock","12":"shipping-taxable","13":"purchasable","14":"product-type-simple"},"_links":{"self":[{"href":"https:\/\/libreriahistoriasdebolsillo.com\/index.php\/wp-json\/wp\/v2\/product\/7747","targetHints":{"allow":["GET"]}}],"collection":[{"href":"https:\/\/libreriahistoriasdebolsillo.com\/index.php\/wp-json\/wp\/v2\/product"}],"about":[{"href":"https:\/\/libreriahistoriasdebolsillo.com\/index.php\/wp-json\/wp\/v2\/types\/product"}],"wp:featuredmedia":[{"embeddable":true,"href":"https:\/\/libreriahistoriasdebolsillo.com\/index.php\/wp-json\/wp\/v2\/media\/7748"}],"wp:attachment":[{"href":"https:\/\/libreriahistoriasdebolsillo.com\/index.php\/wp-json\/wp\/v2\/media?parent=7747"}],"wp:term":[{"taxonomy":"product_brand","embeddable":true,"href":"https:\/\/libreriahistoriasdebolsillo.com\/index.php\/wp-json\/wp\/v2\/product_brand?post=7747"},{"taxonomy":"product_cat","embeddable":true,"href":"https:\/\/libreriahistoriasdebolsillo.com\/index.php\/wp-json\/wp\/v2\/product_cat?post=7747"},{"taxonomy":"product_tag","embeddable":true,"href":"https:\/\/libreriahistoriasdebolsillo.com\/index.php\/wp-json\/wp\/v2\/product_tag?post=7747"}],"curies":[{"name":"wp","href":"https:\/\/api.w.org\/{rel}","templated":true}]}}