{"id":7749,"date":"2025-11-12T12:52:40","date_gmt":"2025-11-12T18:52:40","guid":{"rendered":"https:\/\/libreriahistoriasdebolsillo.com\/?post_type=product&#038;p=7749"},"modified":"2025-11-13T13:34:48","modified_gmt":"2025-11-13T19:34:48","slug":"integrar-el-circulo","status":"publish","type":"product","link":"https:\/\/libreriahistoriasdebolsillo.com\/index.php\/producto\/integrar-el-circulo\/","title":{"rendered":"Integrar el c\u00edrculo"},"content":{"rendered":"<p>\u00bfQuieres m\u00e1s de la vida, pero eso te hace sentir inconformista? \u00bfSent\u00eds que hay algo m\u00e1s all\u00e1 afuera, pero no sab\u00e9s qu\u00e9 es? \u00bfQu\u00e9 parte de vos quer\u00e9s que forme parte de tu futuro? Rosario Oyhanarte siempre tuvo vocaci\u00f3n de servicio. A trav\u00e9s de sus redes, se convirti\u00f3 en una presencia amiga. Su carrera de escritora fue una b\u00fasqueda de su propia voz, la misma que alz\u00f3 luego para contar las historias de los dem\u00e1s. As\u00ed fue que cre\u00f3 @rosiestips. En ese espacio, y luego en su p\u00f3dcast, logr\u00f3 unir sus dos pasiones: la escritura y la voluntad de dar. Todo esto con la idea de que cada uno tiene algo para sumar en la vida del otro. En este libro, Rosie nos propone remover, para mezclar aquellas partes de quienes somos y cambiar aquello que lo merezca. Reconocer, porque todo eso que muchas veces buscamos afuera est\u00e1 dentro de nosotras. Y, finalmente, renacer en una nueva versi\u00f3n m\u00e1s aut\u00e9ntica de nuestro ser. Integrar el c\u00edrculo es un libro l\u00facido y amable, en el que Rosie nos acompa\u00f1a en un camino de autoconocimiento para que dejemos de lado la idea de desechar quienes fuimos cuando queremos darle lugar a lo nuevo que nace en nosotros. En una \u00e9poca que nos incita a romper con todo lo que no sirve, Rosie nos invita a mezclar las cartas y dar de nuevo, y en lugar de patear el tablero, honrar el camino que nos trajo hasta aqu\u00ed.<\/p>\n","protected":false},"excerpt":{"rendered":"<p>Rosario Oyhanarte<br \/>\n176 p\u00e1ginas<\/p>\n","protected":false},"featured_media":7750,"template":"","meta":{"_joinchat":[]},"product_brand":[],"product_cat":[58,41,70],"product_tag":[48],"class_list":{"0":"post-7749","1":"product","2":"type-product","3":"status-publish","4":"has-post-thumbnail","6":"product_cat-desarrollo-humano-y-superacion","7":"product_cat-desarrollo-humano","8":"product_cat-novedades","9":"product_tag-vr-editoras","11":"first","12":"instock","13":"shipping-taxable","14":"purchasable","15":"product-type-simple"},"_links":{"self":[{"href":"https:\/\/libreriahistoriasdebolsillo.com\/index.php\/wp-json\/wp\/v2\/product\/7749","targetHints":{"allow":["GET"]}}],"collection":[{"href":"https:\/\/libreriahistoriasdebolsillo.com\/index.php\/wp-json\/wp\/v2\/product"}],"about":[{"href":"https:\/\/libreriahistoriasdebolsillo.com\/index.php\/wp-json\/wp\/v2\/types\/product"}],"wp:featuredmedia":[{"embeddable":true,"href":"https:\/\/libreriahistoriasdebolsillo.com\/index.php\/wp-json\/wp\/v2\/media\/7750"}],"wp:attachment":[{"href":"https:\/\/libreriahistoriasdebolsillo.com\/index.php\/wp-json\/wp\/v2\/media?parent=7749"}],"wp:term":[{"taxonomy":"product_brand","embeddable":true,"href":"https:\/\/libreriahistoriasdebolsillo.com\/index.php\/wp-json\/wp\/v2\/product_brand?post=7749"},{"taxonomy":"product_cat","embeddable":true,"href":"https:\/\/libreriahistoriasdebolsillo.com\/index.php\/wp-json\/wp\/v2\/product_cat?post=7749"},{"taxonomy":"product_tag","embeddable":true,"href":"https:\/\/libreriahistoriasdebolsillo.com\/index.php\/wp-json\/wp\/v2\/product_tag?post=7749"}],"curies":[{"name":"wp","href":"https:\/\/api.w.org\/{rel}","templated":true}]}}