{"id":7767,"date":"2025-11-13T17:13:20","date_gmt":"2025-11-13T23:13:20","guid":{"rendered":"https:\/\/libreriahistoriasdebolsillo.com\/?post_type=product&#038;p=7767"},"modified":"2026-01-29T12:27:56","modified_gmt":"2026-01-29T18:27:56","slug":"psicofisiologia-de-la-conciencia-2-el-cerebro-consciente","status":"publish","type":"product","link":"https:\/\/libreriahistoriasdebolsillo.com\/index.php\/producto\/psicofisiologia-de-la-conciencia-2-el-cerebro-consciente\/","title":{"rendered":"Psicofisiolog\u00eda de la conciencia 2. El cerebro consciente"},"content":{"rendered":"<div class=\"justify\">\n<p><b>\u00abRESOLVER EL MISTERIO DE LA CREACI\u00d3N DE LA EXPERIENCIA<\/b>\u00a0<b>ES DAR EL PRIMER PASO EN EL CAMINO DEL VERDADERO<\/b>\u00a0<b>CONOCIMIENTO. ESTA HA SIDO MI MOTIVACI\u00d3N<\/b>\u00a0<b>AL ESCRIBIR ESTE LIBRO.\u00bb<\/b><\/p>\n<p><b>&#8211;<\/b><b>J. G. Z.<\/b><\/p>\n<\/div>\n<div class=\"justify\">\n<p>En\u00a0<i><b>El cerebro consciente<\/b><\/i>, Jacobo Grinberg explora a profundidad los grandes temas que le obsesionaron: la conciencia, la construcci\u00f3n de la realidad y c\u00f3mo la experimentamos. Este volumen,\u00a0<b>segundo de la trilog\u00eda<\/b>\u00a0<b>Psicofisiolog\u00eda de la conciencia<\/b>, re\u00fane algunas de sus hip\u00f3tesis e investigaciones m\u00e1s audaces, donde la mirada curiosa y sensible de Grinberg se entrelaza con el\u00a0<b>rigor cient\u00edfico<\/b>\u00a0para explorar los grandes misterios de la\u00a0<b>percepci\u00f3n humana<\/b>.<\/p>\n<p>A lo largo de estas p\u00e1ginas, el autor nos conduce por un recorrido apasionante en torno al\u00a0<b>estudio del espacio<\/b>\u00a0<b>y el tiempo<\/b>, a la relaci\u00f3n entre la\u00a0<b>actividad neuronal<\/b>\u00a0y los\u00a0<b>campos energ\u00e9ticos<\/b>, hasta llegar al concepto de conciencia de unidad. Temas y reflexiones que el lector identificar\u00e1 a lo largo de toda la obra del autor y que le permitir\u00e1n entender con\u00a0<b>mayor profundidad<\/b>\u00a0su corpus de investigaci\u00f3n y pensamiento.<\/p>\n<p>Un libro imprescindible que no solo cuestiona los\u00a0<b>l\u00edmites<\/b>\u00a0<b>del conocimiento<\/b>, sino que transforma la manera en que entendemos la mente, la realidad y nuestra experiencia en ella.<\/p>\n<\/div>\n","protected":false},"excerpt":{"rendered":"<p>Jacobo Grinberg-Zylberbaum<br \/>\n240 p\u00e1ginas<\/p>\n","protected":false},"featured_media":7768,"template":"","meta":{"_joinchat":[]},"product_brand":[],"product_cat":[41,70],"product_tag":[34],"class_list":{"0":"post-7767","1":"product","2":"type-product","3":"status-publish","4":"has-post-thumbnail","6":"product_cat-desarrollo-humano","7":"product_cat-novedades","8":"product_tag-penguin-random-house","10":"first","11":"outofstock","12":"shipping-taxable","13":"purchasable","14":"product-type-simple"},"_links":{"self":[{"href":"https:\/\/libreriahistoriasdebolsillo.com\/index.php\/wp-json\/wp\/v2\/product\/7767","targetHints":{"allow":["GET"]}}],"collection":[{"href":"https:\/\/libreriahistoriasdebolsillo.com\/index.php\/wp-json\/wp\/v2\/product"}],"about":[{"href":"https:\/\/libreriahistoriasdebolsillo.com\/index.php\/wp-json\/wp\/v2\/types\/product"}],"wp:featuredmedia":[{"embeddable":true,"href":"https:\/\/libreriahistoriasdebolsillo.com\/index.php\/wp-json\/wp\/v2\/media\/7768"}],"wp:attachment":[{"href":"https:\/\/libreriahistoriasdebolsillo.com\/index.php\/wp-json\/wp\/v2\/media?parent=7767"}],"wp:term":[{"taxonomy":"product_brand","embeddable":true,"href":"https:\/\/libreriahistoriasdebolsillo.com\/index.php\/wp-json\/wp\/v2\/product_brand?post=7767"},{"taxonomy":"product_cat","embeddable":true,"href":"https:\/\/libreriahistoriasdebolsillo.com\/index.php\/wp-json\/wp\/v2\/product_cat?post=7767"},{"taxonomy":"product_tag","embeddable":true,"href":"https:\/\/libreriahistoriasdebolsillo.com\/index.php\/wp-json\/wp\/v2\/product_tag?post=7767"}],"curies":[{"name":"wp","href":"https:\/\/api.w.org\/{rel}","templated":true}]}}