{"id":777,"date":"2023-11-20T17:03:40","date_gmt":"2023-11-20T23:03:40","guid":{"rendered":"https:\/\/libreriahistoriasdebolsillo.com\/?post_type=product&#038;p=777"},"modified":"2024-03-19T13:17:33","modified_gmt":"2024-03-19T19:17:33","slug":"el-ultimo-verano","status":"publish","type":"product","link":"https:\/\/libreriahistoriasdebolsillo.com\/index.php\/producto\/el-ultimo-verano\/","title":{"rendered":"El \u00faltimo verano"},"content":{"rendered":"<p>Aaliyah es una luchadora, una gimnasta que sue\u00f1a con una vida mejor y que har\u00e1 todo lo que sea necesario para alcanzarla. Shawn es un so\u00f1ador, un alma sensible que pronto ir\u00e1 a la universidad para convertirse en escritor. Pero primero, pasar\u00e1 unos d\u00edas en la playa con sus amigos. All\u00ed van a encontrarse y, entre atardeceres , sonrisas y palabras que jam\u00e1s creyeron ser capaces de decir, sentir\u00e1n que se conocen desde siempre. Pero el destino torcer\u00e1 sus planes y su romance de verano les dejar\u00e1 las heridas m\u00e1s profundas. \u00bfPodr\u00e1n sanarlas cuando vuelvan a encontrarse? \u00bfpodr\u00e1 el amor ser m\u00e1s fuerte que el prejuicio y la culpa?<\/p>\n","protected":false},"excerpt":{"rendered":"<p>Anna K. Franco<\/p>\n","protected":false},"featured_media":778,"template":"","meta":{"_joinchat":[]},"product_brand":[],"product_cat":[52,35],"product_tag":[48],"class_list":{"0":"post-777","1":"product","2":"type-product","3":"status-publish","4":"has-post-thumbnail","6":"product_cat-juvenil","7":"product_cat-romantica","8":"product_tag-vr-editoras","10":"first","11":"instock","12":"shipping-taxable","13":"purchasable","14":"product-type-simple"},"_links":{"self":[{"href":"https:\/\/libreriahistoriasdebolsillo.com\/index.php\/wp-json\/wp\/v2\/product\/777","targetHints":{"allow":["GET"]}}],"collection":[{"href":"https:\/\/libreriahistoriasdebolsillo.com\/index.php\/wp-json\/wp\/v2\/product"}],"about":[{"href":"https:\/\/libreriahistoriasdebolsillo.com\/index.php\/wp-json\/wp\/v2\/types\/product"}],"wp:featuredmedia":[{"embeddable":true,"href":"https:\/\/libreriahistoriasdebolsillo.com\/index.php\/wp-json\/wp\/v2\/media\/778"}],"wp:attachment":[{"href":"https:\/\/libreriahistoriasdebolsillo.com\/index.php\/wp-json\/wp\/v2\/media?parent=777"}],"wp:term":[{"taxonomy":"product_brand","embeddable":true,"href":"https:\/\/libreriahistoriasdebolsillo.com\/index.php\/wp-json\/wp\/v2\/product_brand?post=777"},{"taxonomy":"product_cat","embeddable":true,"href":"https:\/\/libreriahistoriasdebolsillo.com\/index.php\/wp-json\/wp\/v2\/product_cat?post=777"},{"taxonomy":"product_tag","embeddable":true,"href":"https:\/\/libreriahistoriasdebolsillo.com\/index.php\/wp-json\/wp\/v2\/product_tag?post=777"}],"curies":[{"name":"wp","href":"https:\/\/api.w.org\/{rel}","templated":true}]}}