{"id":7785,"date":"2025-11-13T17:38:48","date_gmt":"2025-11-13T23:38:48","guid":{"rendered":"https:\/\/libreriahistoriasdebolsillo.com\/?post_type=product&#038;p=7785"},"modified":"2026-04-22T12:24:01","modified_gmt":"2026-04-22T18:24:01","slug":"nunca-mientas","status":"publish","type":"product","link":"https:\/\/libreriahistoriasdebolsillo.com\/index.php\/producto\/nunca-mientas\/","title":{"rendered":"Nunca mientas"},"content":{"rendered":"<div class=\"justify\">\n<p><b>Un nuevo trepidante y retorcido thriller de la autora del<\/b>\u00a0<b>best<\/b>\u00a0<b>seller<\/b><b>\u00a0internacional La<\/b>\u00a0<b>empleada dom\u00e9stica.<\/b><\/p>\n<\/div>\n<div class=\"justify\">\n<p><b>Tricia y<\/b>\u00a0<b>Ethan<\/b>\u00a0acaban de casarse y est\u00e1n en b\u00fasqueda de la casa de sus sue\u00f1os.<\/p>\n<p>Pero cuando visitan la\u00a0<b>remota mansi\u00f3n<\/b>\u00a0que una vez perteneci\u00f3 a la doctora Adrienne Hale, una\u00a0<b>reconocida<\/b>\u00a0<b>psiquiatra<\/b>\u00a0que desapareci\u00f3 sin dejar rastro hace cuatro a\u00f1os, una feroz tormenta los deja atrapados.<\/p>\n<p>Mientras busca un libro para\u00a0<b>entretenerse<\/b>\u00a0hasta que pare de nevar, Tricia tropieza con una habitaci\u00f3n secreta que contiene las\u00a0<b>transcripciones<\/b>\u00a0de las conversaciones con todos y cada uno de los pacientes que trat\u00f3 la doctora Hale. Y, cuando escucha las cintas, descubre la aterradora sucesi\u00f3n de\u00a0<b>acontecimientos<\/b>\u00a0que condujo a la misteriosa desaparici\u00f3n de la psiquiatra.<\/p>\n<p>Con cada una de ellas, una nueva pieza del\u00a0<b>rompecabezas<\/b>\u00a0encaja en su sitio, revelando lentamente una inesperada e impactante red de mentiras.<\/p>\n<p><b>HASTA QUE TRICIA LLEGA A LA \u00daLTIMA CINTA.<\/b>\u00a0<b>LA CINTA QUE REVELA TODA LA TERRIBLE VERDAD.<\/b>\u00a0<b>Y ENTONCES ES DEMASIADO TARDE\u2026<\/b><\/p>\n<\/div>\n","protected":false},"excerpt":{"rendered":"<p>Freida McFadden<br \/>\n320 p\u00e1ginas<\/p>\n","protected":false},"featured_media":7786,"template":"","meta":{"_joinchat":[]},"product_brand":[],"product_cat":[37,70],"product_tag":[34],"class_list":{"0":"post-7785","1":"product","2":"type-product","3":"status-publish","4":"has-post-thumbnail","6":"product_cat-misterio-y-thriller","7":"product_cat-novedades","8":"product_tag-penguin-random-house","10":"first","11":"outofstock","12":"shipping-taxable","13":"purchasable","14":"product-type-simple"},"_links":{"self":[{"href":"https:\/\/libreriahistoriasdebolsillo.com\/index.php\/wp-json\/wp\/v2\/product\/7785","targetHints":{"allow":["GET"]}}],"collection":[{"href":"https:\/\/libreriahistoriasdebolsillo.com\/index.php\/wp-json\/wp\/v2\/product"}],"about":[{"href":"https:\/\/libreriahistoriasdebolsillo.com\/index.php\/wp-json\/wp\/v2\/types\/product"}],"wp:featuredmedia":[{"embeddable":true,"href":"https:\/\/libreriahistoriasdebolsillo.com\/index.php\/wp-json\/wp\/v2\/media\/7786"}],"wp:attachment":[{"href":"https:\/\/libreriahistoriasdebolsillo.com\/index.php\/wp-json\/wp\/v2\/media?parent=7785"}],"wp:term":[{"taxonomy":"product_brand","embeddable":true,"href":"https:\/\/libreriahistoriasdebolsillo.com\/index.php\/wp-json\/wp\/v2\/product_brand?post=7785"},{"taxonomy":"product_cat","embeddable":true,"href":"https:\/\/libreriahistoriasdebolsillo.com\/index.php\/wp-json\/wp\/v2\/product_cat?post=7785"},{"taxonomy":"product_tag","embeddable":true,"href":"https:\/\/libreriahistoriasdebolsillo.com\/index.php\/wp-json\/wp\/v2\/product_tag?post=7785"}],"curies":[{"name":"wp","href":"https:\/\/api.w.org\/{rel}","templated":true}]}}