{"id":7791,"date":"2025-11-13T17:47:34","date_gmt":"2025-11-13T23:47:34","guid":{"rendered":"https:\/\/libreriahistoriasdebolsillo.com\/?post_type=product&#038;p=7791"},"modified":"2026-04-30T16:49:16","modified_gmt":"2026-04-30T22:49:16","slug":"no-hay-nada-malo-en-ti","status":"publish","type":"product","link":"https:\/\/libreriahistoriasdebolsillo.com\/index.php\/producto\/no-hay-nada-malo-en-ti\/","title":{"rendered":"No hay nada malo en ti"},"content":{"rendered":"<div class=\"justify\">\n<p><b>DESCUBRE UNA NUEVA MANERA DE CONVIVIR CONTIGO, M\u00c1S AMABLE Y COMPRENSIVO.<\/b><\/p>\n<\/div>\n<div class=\"justify\">\n<p>Cuando vives desde tus heridas, solo existe una explicaci\u00f3n posible:\u00a0<b>el problema est\u00e1 en ti<\/b>. Creer que todo lo malo que te ocurre es culpa tuya es como andar con una losa que te hunde y, a la vez, sentir que solo\u00a0<b>depende de ti mejorar<\/b>. Sin las herramientas necesarias,\u00a0<b>hacer las paces con una misma<\/b>\u00a0puede ser muy dif\u00edcil.\u00a0<b>Marta Segrelles, la psic\u00f3loga que est\u00e1 sanando a toda<\/b>\u00a0<b>una generaci\u00f3n<\/b>, nos acompa\u00f1a, desde la terapia IFS y la pr\u00e1ctica compasiva, por\u00a0<b>la relaci\u00f3n m\u00e1s importante<\/b>\u00a0<b>de todas: la que tenemos con nosotras<\/b>. Este libro es una invitaci\u00f3n a mirarte con honestidad y ternura para entender qu\u00e9 necesitas y que aprender a quererte no es convertirte en tu mejor versi\u00f3n, sino reencontrarte con quien eras antes de pensar que deb\u00edas cambiar.<\/p>\n<p><b>SI ALGUNA VEZ HAS SENTIDO QUE NO ERAS SUFICIENTE, ESTE LIBRO ES PARA TI<\/b><\/p>\n<\/div>\n","protected":false},"excerpt":{"rendered":"<p>Marta Segrelles<br \/>\n304 p\u00e1ginas<\/p>\n","protected":false},"featured_media":7793,"template":"","meta":{"_joinchat":[]},"product_brand":[],"product_cat":[58,41,70],"product_tag":[34],"class_list":{"0":"post-7791","1":"product","2":"type-product","3":"status-publish","4":"has-post-thumbnail","6":"product_cat-desarrollo-humano-y-superacion","7":"product_cat-desarrollo-humano","8":"product_cat-novedades","9":"product_tag-penguin-random-house","11":"first","12":"outofstock","13":"shipping-taxable","14":"purchasable","15":"product-type-simple"},"_links":{"self":[{"href":"https:\/\/libreriahistoriasdebolsillo.com\/index.php\/wp-json\/wp\/v2\/product\/7791","targetHints":{"allow":["GET"]}}],"collection":[{"href":"https:\/\/libreriahistoriasdebolsillo.com\/index.php\/wp-json\/wp\/v2\/product"}],"about":[{"href":"https:\/\/libreriahistoriasdebolsillo.com\/index.php\/wp-json\/wp\/v2\/types\/product"}],"wp:featuredmedia":[{"embeddable":true,"href":"https:\/\/libreriahistoriasdebolsillo.com\/index.php\/wp-json\/wp\/v2\/media\/7793"}],"wp:attachment":[{"href":"https:\/\/libreriahistoriasdebolsillo.com\/index.php\/wp-json\/wp\/v2\/media?parent=7791"}],"wp:term":[{"taxonomy":"product_brand","embeddable":true,"href":"https:\/\/libreriahistoriasdebolsillo.com\/index.php\/wp-json\/wp\/v2\/product_brand?post=7791"},{"taxonomy":"product_cat","embeddable":true,"href":"https:\/\/libreriahistoriasdebolsillo.com\/index.php\/wp-json\/wp\/v2\/product_cat?post=7791"},{"taxonomy":"product_tag","embeddable":true,"href":"https:\/\/libreriahistoriasdebolsillo.com\/index.php\/wp-json\/wp\/v2\/product_tag?post=7791"}],"curies":[{"name":"wp","href":"https:\/\/api.w.org\/{rel}","templated":true}]}}