{"id":7795,"date":"2025-11-21T13:51:35","date_gmt":"2025-11-21T19:51:35","guid":{"rendered":"https:\/\/libreriahistoriasdebolsillo.com\/?post_type=product&#038;p=7795"},"modified":"2025-12-27T14:16:58","modified_gmt":"2025-12-27T20:16:58","slug":"los-cantos-de-hyperion-2-la-caida-de-hyperion","status":"publish","type":"product","link":"https:\/\/libreriahistoriasdebolsillo.com\/index.php\/producto\/los-cantos-de-hyperion-2-la-caida-de-hyperion\/","title":{"rendered":"Los cantos de Hyperion 2. La ca\u00edda de Hyperion"},"content":{"rendered":"<div class=\"justify\">\n<p><b><i>La ca\u00edda de Hyperion\u00a0<\/i>es la segunda novela de la tetralog\u00eda \u00abLos cantos de Hyperion\u00bb, una saga fundamental de la ciencia ficci\u00f3n moderna que fue galardonada con tres premios Locus y el Hugo de 1990.<\/b><\/p>\n<\/div>\n<div class=\"justify\">\n<p>La publicaci\u00f3n de la serie a lo largo de la d\u00e9cada de 1990 coron\u00f3 a Dan Simmons como un<b>\u00a0referente indiscutible<\/b>\u00a0del g\u00e9nero, capaz de construir un mundo al estilo de los\u00a0<i>Cuentos de Canterbury<\/i>, y al mismo tiempo hacer un claro homenaje a John Keats.<\/p>\n<p>La aventura \u00e9pica de Hyperion alcanza su cl\u00edmax cuando los peregrinos se re\u00fanen ante las\u00a0<b>Tumbas del Tiempo<\/b>\u00a0y estas se abren para liberar al Alcaud\u00f3n.<\/p>\n<p>Todos, incluidos los humanos de la Hegemon\u00eda, los enjambres \u00c9xter, las inteligencias artificiales del TecnoN\u00facleo, los peregrinos del Alcaud\u00f3n y el c\u00edbrido que reproduce la personalidad de John Keats,\u00a0<b>se ver\u00e1n irremisiblemente envueltos en la compleja trama del tiempo, el poder, la guerra, la inteligencia, la religi\u00f3n y el amor.<\/b><\/p>\n<p>Tras Hyperion, Simmons vuelve a demostrar una asombrosa maestr\u00eda a la hora de articular h\u00e1bilmente tan variadas piezas tem\u00e1ticas.<\/p>\n<\/div>\n","protected":false},"excerpt":{"rendered":"<p>Dan Simmons<br \/>\n731 p\u00e1ginas<\/p>\n","protected":false},"featured_media":7796,"template":"","meta":{"_joinchat":[]},"product_brand":[],"product_cat":[40,51],"product_tag":[34],"class_list":{"0":"post-7795","1":"product","2":"type-product","3":"status-publish","4":"has-post-thumbnail","6":"product_cat-ciencia-ficcion","7":"product_cat-oferta","8":"product_tag-penguin-random-house","10":"first","11":"instock","12":"sale","13":"shipping-taxable","14":"purchasable","15":"product-type-simple"},"_links":{"self":[{"href":"https:\/\/libreriahistoriasdebolsillo.com\/index.php\/wp-json\/wp\/v2\/product\/7795","targetHints":{"allow":["GET"]}}],"collection":[{"href":"https:\/\/libreriahistoriasdebolsillo.com\/index.php\/wp-json\/wp\/v2\/product"}],"about":[{"href":"https:\/\/libreriahistoriasdebolsillo.com\/index.php\/wp-json\/wp\/v2\/types\/product"}],"wp:featuredmedia":[{"embeddable":true,"href":"https:\/\/libreriahistoriasdebolsillo.com\/index.php\/wp-json\/wp\/v2\/media\/7796"}],"wp:attachment":[{"href":"https:\/\/libreriahistoriasdebolsillo.com\/index.php\/wp-json\/wp\/v2\/media?parent=7795"}],"wp:term":[{"taxonomy":"product_brand","embeddable":true,"href":"https:\/\/libreriahistoriasdebolsillo.com\/index.php\/wp-json\/wp\/v2\/product_brand?post=7795"},{"taxonomy":"product_cat","embeddable":true,"href":"https:\/\/libreriahistoriasdebolsillo.com\/index.php\/wp-json\/wp\/v2\/product_cat?post=7795"},{"taxonomy":"product_tag","embeddable":true,"href":"https:\/\/libreriahistoriasdebolsillo.com\/index.php\/wp-json\/wp\/v2\/product_tag?post=7795"}],"curies":[{"name":"wp","href":"https:\/\/api.w.org\/{rel}","templated":true}]}}