{"id":780,"date":"2023-11-20T17:05:37","date_gmt":"2023-11-20T23:05:37","guid":{"rendered":"https:\/\/libreriahistoriasdebolsillo.com\/?post_type=product&#038;p=780"},"modified":"2023-11-20T17:05:37","modified_gmt":"2023-11-20T23:05:37","slug":"no-te-enamores-de-rosa-santos","status":"publish","type":"product","link":"https:\/\/libreriahistoriasdebolsillo.com\/index.php\/producto\/no-te-enamores-de-rosa-santos\/","title":{"rendered":"No te enamores de Rosa Santos"},"content":{"rendered":"<p>Todo el mundo sabe que las mujeres Santos est\u00e1n malditas. Que solo traen mala suerte y acarrean desgracias. Que si te enamoras de una de ellas tu vida le pertenecer\u00e1 al mar. Que est\u00e1n destinadas a llorar en los muelles a sus amores perdidos. Y Rosa no es la excepci\u00f3n. Carga en sus hombros la superstici\u00f3n y teme a su herencia casi tanto como a su futuro. Hasta que Alex entra en su vida. Un chico con un barco del que definitivamente no deber\u00eda enamorarse. No si quiere salvarlo. Pero las aguas del amor nunca han corrido tranquilas. Y en el horizonte se ocultan brillantes tesoros solo para quienes se arriesgan a ir por ellos.<\/p>\n","protected":false},"excerpt":{"rendered":"<p>Nina Moreno<\/p>\n","protected":false},"featured_media":781,"template":"","meta":{"_joinchat":[]},"product_brand":[],"product_cat":[52,35],"product_tag":[48],"class_list":{"0":"post-780","1":"product","2":"type-product","3":"status-publish","4":"has-post-thumbnail","6":"product_cat-juvenil","7":"product_cat-romantica","8":"product_tag-vr-editoras","10":"first","11":"instock","12":"shipping-taxable","13":"purchasable","14":"product-type-simple"},"_links":{"self":[{"href":"https:\/\/libreriahistoriasdebolsillo.com\/index.php\/wp-json\/wp\/v2\/product\/780","targetHints":{"allow":["GET"]}}],"collection":[{"href":"https:\/\/libreriahistoriasdebolsillo.com\/index.php\/wp-json\/wp\/v2\/product"}],"about":[{"href":"https:\/\/libreriahistoriasdebolsillo.com\/index.php\/wp-json\/wp\/v2\/types\/product"}],"wp:featuredmedia":[{"embeddable":true,"href":"https:\/\/libreriahistoriasdebolsillo.com\/index.php\/wp-json\/wp\/v2\/media\/781"}],"wp:attachment":[{"href":"https:\/\/libreriahistoriasdebolsillo.com\/index.php\/wp-json\/wp\/v2\/media?parent=780"}],"wp:term":[{"taxonomy":"product_brand","embeddable":true,"href":"https:\/\/libreriahistoriasdebolsillo.com\/index.php\/wp-json\/wp\/v2\/product_brand?post=780"},{"taxonomy":"product_cat","embeddable":true,"href":"https:\/\/libreriahistoriasdebolsillo.com\/index.php\/wp-json\/wp\/v2\/product_cat?post=780"},{"taxonomy":"product_tag","embeddable":true,"href":"https:\/\/libreriahistoriasdebolsillo.com\/index.php\/wp-json\/wp\/v2\/product_tag?post=780"}],"curies":[{"name":"wp","href":"https:\/\/api.w.org\/{rel}","templated":true}]}}