{"id":7805,"date":"2025-11-21T14:04:46","date_gmt":"2025-11-21T20:04:46","guid":{"rendered":"https:\/\/libreriahistoriasdebolsillo.com\/?post_type=product&#038;p=7805"},"modified":"2026-03-10T15:32:33","modified_gmt":"2026-03-10T21:32:33","slug":"almas-en-juego","status":"publish","type":"product","link":"https:\/\/libreriahistoriasdebolsillo.com\/index.php\/producto\/almas-en-juego\/","title":{"rendered":"Almas en juego"},"content":{"rendered":"<div class=\"justify\">\n<p><b>Aunque no recuerdes las reglas, la ignorancia no te librar\u00e1 de jugar.<\/b><\/p>\n<\/div>\n<div class=\"justify\">\n<p><b>Un thriller para descubrir cu\u00e1l es la misi\u00f3n de cada persona y su destino. Una vertiginosa historia plagada de b\u00fasquedas, investigaciones y conocimientos metaf\u00edsicos para ganar el juego definitivo.<\/b><\/p>\n<p><i>Almas en Juego\u00a0<\/i>es una novela que se adentra en la\u00a0<b>inmortalidad\u00a0<\/b>del ser humano y la eternidad existencial del alma.<\/p>\n<p>Arthur Parker, un peculiar\u00a0<b>detective irland\u00e9s<\/b>, tendr\u00e1 que resolver la muerte de un hombre ahorcado, apoy\u00e1ndose en sus dones de percepci\u00f3n\u00a0<b>extrasensorial\u00a0<\/b>m\u00e1s que en sus herramientas detectivescas.<\/p>\n<p><b>Tres historias conectadas aunque separadas en el tiempo.<\/b>\u00a0En la actualidad, una empresa multinacional liderada por un magnate jud\u00edo dise\u00f1a el Proyecto G\u00e9nesis, con avanzada tecnolog\u00eda basada en informaci\u00f3n de Tesla, la f\u00edsica cu\u00e1ntica y las pr\u00e1cticas de magia y ocultismo que podr\u00eda comunicar a los seres queridos con los\u00a0<b>muertos<\/b>. Francia medieval, el papa Inocencio III manda a matar a los c\u00e1taros por pr\u00e1cticas herejes y rituales paganos. Irlanda actual, un grupo de j\u00f3venes descendientes de la tradici\u00f3n druida activar\u00e1n un ancestral poder a trav\u00e9s de\u00a0<b>rituales\u00a0<\/b>m\u00e1gicos.<\/p>\n<\/div>\n","protected":false},"excerpt":{"rendered":"<p>Guillermo Ferrara<br \/>\n408 p\u00e1ginas<\/p>\n","protected":false},"featured_media":7806,"template":"","meta":{"_joinchat":[]},"product_brand":[],"product_cat":[37,51],"product_tag":[34],"class_list":{"0":"post-7805","1":"product","2":"type-product","3":"status-publish","4":"has-post-thumbnail","6":"product_cat-misterio-y-thriller","7":"product_cat-oferta","8":"product_tag-penguin-random-house","10":"first","11":"outofstock","12":"sale","13":"shipping-taxable","14":"purchasable","15":"product-type-simple"},"_links":{"self":[{"href":"https:\/\/libreriahistoriasdebolsillo.com\/index.php\/wp-json\/wp\/v2\/product\/7805","targetHints":{"allow":["GET"]}}],"collection":[{"href":"https:\/\/libreriahistoriasdebolsillo.com\/index.php\/wp-json\/wp\/v2\/product"}],"about":[{"href":"https:\/\/libreriahistoriasdebolsillo.com\/index.php\/wp-json\/wp\/v2\/types\/product"}],"wp:featuredmedia":[{"embeddable":true,"href":"https:\/\/libreriahistoriasdebolsillo.com\/index.php\/wp-json\/wp\/v2\/media\/7806"}],"wp:attachment":[{"href":"https:\/\/libreriahistoriasdebolsillo.com\/index.php\/wp-json\/wp\/v2\/media?parent=7805"}],"wp:term":[{"taxonomy":"product_brand","embeddable":true,"href":"https:\/\/libreriahistoriasdebolsillo.com\/index.php\/wp-json\/wp\/v2\/product_brand?post=7805"},{"taxonomy":"product_cat","embeddable":true,"href":"https:\/\/libreriahistoriasdebolsillo.com\/index.php\/wp-json\/wp\/v2\/product_cat?post=7805"},{"taxonomy":"product_tag","embeddable":true,"href":"https:\/\/libreriahistoriasdebolsillo.com\/index.php\/wp-json\/wp\/v2\/product_tag?post=7805"}],"curies":[{"name":"wp","href":"https:\/\/api.w.org\/{rel}","templated":true}]}}