{"id":7817,"date":"2025-11-21T14:22:45","date_gmt":"2025-11-21T20:22:45","guid":{"rendered":"https:\/\/libreriahistoriasdebolsillo.com\/?post_type=product&#038;p=7817"},"modified":"2026-02-24T15:39:00","modified_gmt":"2026-02-24T21:39:00","slug":"depa-para-dos","status":"publish","type":"product","link":"https:\/\/libreriahistoriasdebolsillo.com\/index.php\/producto\/depa-para-dos\/","title":{"rendered":"Depa para dos"},"content":{"rendered":"<div class=\"justify\">\n<p><b>Tiffy y Leon comparten depa<\/b><\/p>\n<p><b>Tiffy y Leon comparten cama<\/b><\/p>\n<p><b>Tiffy y Leon no se conocen<\/b><\/p>\n<\/div>\n<div class=\"justify\">\n<p>Tiffy Moore necesita un departamento barato, y con urgencia. Leon Twomey trabaja de noche y anda escaso de dinero. Sus amigos piensan que est\u00e1n\u00a0<b>locos\u00a0<\/b>pero es la soluci\u00f3n ideal: Leon usa la cama mientras Tiffy est\u00e1 en la oficina durante el d\u00eda y ella tiene el departamento el resto del tiempo. Y su modo de comunicarse mediante Post-its es\u00a0<b>divertido\u00a0<\/b>y parece funcionar de maravilla para resolver las vitales cuestiones de qui\u00e9n se ha acabado la mantequilla y si la tapa del wc deber\u00eda estar subida o bajada. Claro que si a eso se a\u00f1aden exnovios obsesivos, clientes exigentes, hermanos encarcelados por error y, lo m\u00e1s importante, el hecho de que a\u00fan no se conocen, Tiffy y Leon est\u00e1n a punto de descubrir que lograr la\u00a0<b>convivencia perfecta<\/b>\u00a0no es f\u00e1cil. Y que convertirse en amigos puede ser solo el principio&#8230;<\/p>\n<\/div>\n","protected":false},"excerpt":{"rendered":"<p>Beth O&#8217;Leary<br \/>\n496 p\u00e1ginas<\/p>\n","protected":false},"featured_media":7818,"template":"","meta":{"_joinchat":[]},"product_brand":[],"product_cat":[51,35],"product_tag":[34],"class_list":{"0":"post-7817","1":"product","2":"type-product","3":"status-publish","4":"has-post-thumbnail","6":"product_cat-oferta","7":"product_cat-romantica","8":"product_tag-penguin-random-house","10":"first","11":"instock","12":"sale","13":"shipping-taxable","14":"purchasable","15":"product-type-simple"},"_links":{"self":[{"href":"https:\/\/libreriahistoriasdebolsillo.com\/index.php\/wp-json\/wp\/v2\/product\/7817","targetHints":{"allow":["GET"]}}],"collection":[{"href":"https:\/\/libreriahistoriasdebolsillo.com\/index.php\/wp-json\/wp\/v2\/product"}],"about":[{"href":"https:\/\/libreriahistoriasdebolsillo.com\/index.php\/wp-json\/wp\/v2\/types\/product"}],"wp:featuredmedia":[{"embeddable":true,"href":"https:\/\/libreriahistoriasdebolsillo.com\/index.php\/wp-json\/wp\/v2\/media\/7818"}],"wp:attachment":[{"href":"https:\/\/libreriahistoriasdebolsillo.com\/index.php\/wp-json\/wp\/v2\/media?parent=7817"}],"wp:term":[{"taxonomy":"product_brand","embeddable":true,"href":"https:\/\/libreriahistoriasdebolsillo.com\/index.php\/wp-json\/wp\/v2\/product_brand?post=7817"},{"taxonomy":"product_cat","embeddable":true,"href":"https:\/\/libreriahistoriasdebolsillo.com\/index.php\/wp-json\/wp\/v2\/product_cat?post=7817"},{"taxonomy":"product_tag","embeddable":true,"href":"https:\/\/libreriahistoriasdebolsillo.com\/index.php\/wp-json\/wp\/v2\/product_tag?post=7817"}],"curies":[{"name":"wp","href":"https:\/\/api.w.org\/{rel}","templated":true}]}}