{"id":7819,"date":"2025-11-21T14:25:11","date_gmt":"2025-11-21T20:25:11","guid":{"rendered":"https:\/\/libreriahistoriasdebolsillo.com\/?post_type=product&#038;p=7819"},"modified":"2026-03-10T15:22:43","modified_gmt":"2026-03-10T21:22:43","slug":"la-dama-del-lago","status":"publish","type":"product","link":"https:\/\/libreriahistoriasdebolsillo.com\/index.php\/producto\/la-dama-del-lago\/","title":{"rendered":"La dama del lago"},"content":{"rendered":"<div class=\"justify\">\n<p><b>La nueva novela de Laura Lippman, una de las autoras m\u00e1s emblem\u00e1ticas del\u00a0<i>noir<\/i>\u00a0estadounidense.<\/b><\/p>\n<\/div>\n<div class=\"justify\">\n<p><b>Baltimore, 1966<\/b>. Maddie, madre y esposa perfecta, decide una noche, de forma impulsiva, plantarlo todo y convertirse en periodista, dispuesta a cumplir sus sue\u00f1os de juventud. Cuando el cuerpo de una joven aparece en un lago, Maddie ve la ocasi\u00f3n de hacerse un nombre y arrojar luz sobre este crimen, a pesar de la indiferencia general. Lo que no se imagina es la cantidad de problemas que causar\u00e1 al perseguir una historia que nadie quiere que cuente.<\/p>\n<p>La dama del lago no es s\u00f3lo un fascinante relato de una investigaci\u00f3n criminal\u00edstica, sino tambi\u00e9n la historia de dos mujeres que manifestaron su compromiso por luchar contra el destino que les hab\u00eda tocado en suerte, en la que se entremezclan el racismo, el sexismo y la lucha de clases en la Am\u00e9rica de los a\u00f1os sesenta.<\/p>\n<\/div>\n","protected":false},"excerpt":{"rendered":"<p>Laura Lippman<br \/>\n368 p\u00e1ginas<\/p>\n","protected":false},"featured_media":7820,"template":"","meta":{"_joinchat":[]},"product_brand":[],"product_cat":[37,51],"product_tag":[34],"class_list":{"0":"post-7819","1":"product","2":"type-product","3":"status-publish","4":"has-post-thumbnail","6":"product_cat-misterio-y-thriller","7":"product_cat-oferta","8":"product_tag-penguin-random-house","10":"first","11":"outofstock","12":"sale","13":"shipping-taxable","14":"purchasable","15":"product-type-simple"},"_links":{"self":[{"href":"https:\/\/libreriahistoriasdebolsillo.com\/index.php\/wp-json\/wp\/v2\/product\/7819","targetHints":{"allow":["GET"]}}],"collection":[{"href":"https:\/\/libreriahistoriasdebolsillo.com\/index.php\/wp-json\/wp\/v2\/product"}],"about":[{"href":"https:\/\/libreriahistoriasdebolsillo.com\/index.php\/wp-json\/wp\/v2\/types\/product"}],"wp:featuredmedia":[{"embeddable":true,"href":"https:\/\/libreriahistoriasdebolsillo.com\/index.php\/wp-json\/wp\/v2\/media\/7820"}],"wp:attachment":[{"href":"https:\/\/libreriahistoriasdebolsillo.com\/index.php\/wp-json\/wp\/v2\/media?parent=7819"}],"wp:term":[{"taxonomy":"product_brand","embeddable":true,"href":"https:\/\/libreriahistoriasdebolsillo.com\/index.php\/wp-json\/wp\/v2\/product_brand?post=7819"},{"taxonomy":"product_cat","embeddable":true,"href":"https:\/\/libreriahistoriasdebolsillo.com\/index.php\/wp-json\/wp\/v2\/product_cat?post=7819"},{"taxonomy":"product_tag","embeddable":true,"href":"https:\/\/libreriahistoriasdebolsillo.com\/index.php\/wp-json\/wp\/v2\/product_tag?post=7819"}],"curies":[{"name":"wp","href":"https:\/\/api.w.org\/{rel}","templated":true}]}}