{"id":7832,"date":"2025-11-28T16:47:12","date_gmt":"2025-11-28T22:47:12","guid":{"rendered":"https:\/\/libreriahistoriasdebolsillo.com\/?post_type=product&#038;p=7832"},"modified":"2026-04-20T16:27:24","modified_gmt":"2026-04-20T22:27:24","slug":"rebelion-en-la-granja-tapa-dura-y-cantos-pintados","status":"publish","type":"product","link":"https:\/\/libreriahistoriasdebolsillo.com\/index.php\/producto\/rebelion-en-la-granja-tapa-dura-y-cantos-pintados\/","title":{"rendered":"Rebeli\u00f3n en la granja (Tapa dura y cantos pintados)"},"content":{"rendered":"<p>Esta s\u00e1tira de la Revoluci\u00f3n rusa y el triunfo del estalinismo se ha convertido por derecho propio en un referente de la cultura contempor\u00e1nea y en uno de los libros m\u00e1s mordaces de todos los tiempos. Los animales de la granja, molestos con la dif\u00edcil vida que llevan, planean una rebeli\u00f3n encabezada por los cerdos. La revuelta pretende que los habitantes aprendan a leer, estudiar y construir un molino. El objetivo es propiciarles una vida mejor. Pero pronto se dejan ver las semillas del totalitarismo en una organizaci\u00f3n aparentemente ideal. Rebeli\u00f3n en la granja es una met\u00e1fora fiel de la traici\u00f3n, el poder, la corrupci\u00f3n, la ignorancia de las masas y la manipulaci\u00f3n de la historia. Se trata de un retrato crudo, pero fiel de la humanidad.<\/p>\n","protected":false},"excerpt":{"rendered":"<p>George Orwell<br \/>\n157 p\u00e1ginas<\/p>\n","protected":false},"featured_media":7833,"template":"","meta":{"_joinchat":[]},"product_brand":[],"product_cat":[42,51],"product_tag":[48],"class_list":{"0":"post-7832","1":"product","2":"type-product","3":"status-publish","4":"has-post-thumbnail","6":"product_cat-literatura-clasica","7":"product_cat-oferta","8":"product_tag-vr-editoras","10":"first","11":"instock","12":"shipping-taxable","13":"purchasable","14":"product-type-simple"},"_links":{"self":[{"href":"https:\/\/libreriahistoriasdebolsillo.com\/index.php\/wp-json\/wp\/v2\/product\/7832","targetHints":{"allow":["GET"]}}],"collection":[{"href":"https:\/\/libreriahistoriasdebolsillo.com\/index.php\/wp-json\/wp\/v2\/product"}],"about":[{"href":"https:\/\/libreriahistoriasdebolsillo.com\/index.php\/wp-json\/wp\/v2\/types\/product"}],"wp:featuredmedia":[{"embeddable":true,"href":"https:\/\/libreriahistoriasdebolsillo.com\/index.php\/wp-json\/wp\/v2\/media\/7833"}],"wp:attachment":[{"href":"https:\/\/libreriahistoriasdebolsillo.com\/index.php\/wp-json\/wp\/v2\/media?parent=7832"}],"wp:term":[{"taxonomy":"product_brand","embeddable":true,"href":"https:\/\/libreriahistoriasdebolsillo.com\/index.php\/wp-json\/wp\/v2\/product_brand?post=7832"},{"taxonomy":"product_cat","embeddable":true,"href":"https:\/\/libreriahistoriasdebolsillo.com\/index.php\/wp-json\/wp\/v2\/product_cat?post=7832"},{"taxonomy":"product_tag","embeddable":true,"href":"https:\/\/libreriahistoriasdebolsillo.com\/index.php\/wp-json\/wp\/v2\/product_tag?post=7832"}],"curies":[{"name":"wp","href":"https:\/\/api.w.org\/{rel}","templated":true}]}}