{"id":7848,"date":"2025-12-02T10:14:09","date_gmt":"2025-12-02T16:14:09","guid":{"rendered":"https:\/\/libreriahistoriasdebolsillo.com\/?post_type=product&#038;p=7848"},"modified":"2026-02-13T17:39:54","modified_gmt":"2026-02-13T23:39:54","slug":"el-irresistible-encanto-de-tu-peor-enemigo","status":"publish","type":"product","link":"https:\/\/libreriahistoriasdebolsillo.com\/index.php\/producto\/el-irresistible-encanto-de-tu-peor-enemigo\/","title":{"rendered":"El irresistible encanto de tu peor enemigo (Ed. especial tapa dura)"},"content":{"rendered":"<div class=\"justify\">\n<p><b>HAY AMORES QUE SON ODIO A PRIMERA VISTA<\/b><\/p>\n<p><b>Una comedia rom\u00e1ntica a fuego lento,\u00a0<\/b><i><b>enemies to lovers<\/b><\/i><b>, protagonizada por una sanadora excepcional y un asesino encantador.<\/b><\/p>\n<p><b>***PRIMERA EDICI\u00d3N LIMITADA CON ILUSTRACIONES EXCLUSIVAS EN LAS TAPAS***<\/b><\/p>\n<\/div>\n<div class=\"justify\">\n<p>Cuando\u00a0<b>Osric Mordaunt<\/b>, miembro de la Orden Fyren de asesinos, resulta herido y comienza a perder su poder, se da cuenta de que necesita las habilidades de una sanadora en concreto. Y, como el destino tiene un oscuro sentido del humor, se trata de una integrante de la Orden Haelan, enemiga natural de los Fyren.<\/p>\n<p>Los Haelan, incapaces de conseguir la fi nanciaci\u00f3n que les permita encontrar la vacuna para salvar a una oleada de ni\u00f1os afectados por una enfermedad que se cre\u00eda erradicada, est\u00e1n desesperados&#8230; Tanto que, cuando Osric se cuela en su fortaleza para chantajear a\u00a0<b>Aurienne Fairhrim<\/b>\u00a0y lograr que esta le cure, ella se ve obligada a aceptar.<\/p>\n<p>Y conforme Osric y Aurienne buscan tanto el milagro que lo salve a \u00e9l como la procedencia de la misteriosa epidemia, descubren que, cuanto m\u00e1s abanican las llamas del odio que los une, m\u00e1s sube la temperatura entre ellos.<\/p>\n<p><b>Los<\/b>\u00a0<i><b>tropes<\/b><\/i><b>\u00a0de esta novela incluyen:<\/b><br \/>\nLos que se pelean se desean<br \/>\nFuego lento (a alta temperatura)<br \/>\nDos idiotas altamente cualificados<br \/>\n\u00c9l se enamora primero (y mucho m\u00e1s fuerte)<br \/>\nDemostraciones de amor algo sangrientas<\/p>\n<\/div>\n","protected":false},"excerpt":{"rendered":"<p>Brigitte Knightley<br \/>\n408 p\u00e1ginas<\/p>\n","protected":false},"featured_media":7849,"template":"","meta":{"_joinchat":[]},"product_brand":[],"product_cat":[70,76],"product_tag":[34],"class_list":{"0":"post-7848","1":"product","2":"type-product","3":"status-publish","4":"has-post-thumbnail","6":"product_cat-novedades","7":"product_cat-romantasy","8":"product_tag-penguin-random-house","10":"first","11":"outofstock","12":"shipping-taxable","13":"purchasable","14":"product-type-simple"},"_links":{"self":[{"href":"https:\/\/libreriahistoriasdebolsillo.com\/index.php\/wp-json\/wp\/v2\/product\/7848","targetHints":{"allow":["GET"]}}],"collection":[{"href":"https:\/\/libreriahistoriasdebolsillo.com\/index.php\/wp-json\/wp\/v2\/product"}],"about":[{"href":"https:\/\/libreriahistoriasdebolsillo.com\/index.php\/wp-json\/wp\/v2\/types\/product"}],"wp:featuredmedia":[{"embeddable":true,"href":"https:\/\/libreriahistoriasdebolsillo.com\/index.php\/wp-json\/wp\/v2\/media\/7849"}],"wp:attachment":[{"href":"https:\/\/libreriahistoriasdebolsillo.com\/index.php\/wp-json\/wp\/v2\/media?parent=7848"}],"wp:term":[{"taxonomy":"product_brand","embeddable":true,"href":"https:\/\/libreriahistoriasdebolsillo.com\/index.php\/wp-json\/wp\/v2\/product_brand?post=7848"},{"taxonomy":"product_cat","embeddable":true,"href":"https:\/\/libreriahistoriasdebolsillo.com\/index.php\/wp-json\/wp\/v2\/product_cat?post=7848"},{"taxonomy":"product_tag","embeddable":true,"href":"https:\/\/libreriahistoriasdebolsillo.com\/index.php\/wp-json\/wp\/v2\/product_tag?post=7848"}],"curies":[{"name":"wp","href":"https:\/\/api.w.org\/{rel}","templated":true}]}}