{"id":7865,"date":"2025-12-02T10:34:45","date_gmt":"2025-12-02T16:34:45","guid":{"rendered":"https:\/\/libreriahistoriasdebolsillo.com\/?post_type=product&#038;p=7865"},"modified":"2026-03-27T17:27:59","modified_gmt":"2026-03-27T23:27:59","slug":"las-cronicas-de-dune-3-hijos-de-dune","status":"publish","type":"product","link":"https:\/\/libreriahistoriasdebolsillo.com\/index.php\/producto\/las-cronicas-de-dune-3-hijos-de-dune\/","title":{"rendered":"Las cr\u00f3nicas de Dune 3. Hijos de Dune"},"content":{"rendered":"<div class=\"justify\">\n<p><b>\u00abUno de los grandes monumentos de la literatura actual.\u00bb Chicago<\/b>\u00a0<b>Tribune<\/b><b>\u00a0Chicago<\/b>\u00a0<b>Tribune<\/b><\/p>\n<\/div>\n<div class=\"justify\">\n<p><b>Leto y<\/b>\u00a0<b>Ghanima<\/b>\u00a0<b>Atreides<\/b>, los hijos gemelos de Paul -el mes\u00edas de una religi\u00f3n que arras\u00f3 el universo, el m\u00e1rtir que, ciego, se adentr\u00f3 en los desiertos de Arrakis para morir-, tienen ahora nueve a\u00f1os.\u00a0<b>Gobiernan<\/b>, bajo la regencia de su t\u00eda Alia, un planeta que se ha convertido en el eje de todo el universo:\u00a0<b>Dune<\/b>.<\/p>\n<p>Sin embargo, los gemelos son m\u00e1s que simples ni\u00f1os. Al igual que su padre, poseen habilidades sobrenaturales que su t\u00eda planea usar en su beneficio. Y es que en este planeta, centro de las intrigas de una corrupta clase pol\u00edtica y sometido a una sofocante burocracia religiosa, el gobierno de Alia no es absoluto. La repentina aparici\u00f3n de un enigm\u00e1tico predicador ciego, procedente del desierto, solo agita los conflictos y enciende las revueltas. Alia cree que consiguiendo las visiones prof\u00e9ticas de los gemelos podr\u00e1 mantener el control sobre su dinast\u00eda, pero no cuenta con que ellos tienen sus propios planes\u2026<\/p>\n<p><b>La fascinante tercera entrega de \u00ab<\/b><b>Dune<\/b><b>\u00bb, saga imprescindible para los amantes de la ciencia ficci\u00f3n<\/b><b>.<\/b><\/p>\n<\/div>\n","protected":false},"excerpt":{"rendered":"<p>Frank Herbert<br \/>\n608 p\u00e1ginas<\/p>\n","protected":false},"featured_media":7866,"template":"","meta":{"_joinchat":[]},"product_brand":[],"product_cat":[40],"product_tag":[34],"class_list":{"0":"post-7865","1":"product","2":"type-product","3":"status-publish","4":"has-post-thumbnail","6":"product_cat-ciencia-ficcion","7":"product_tag-penguin-random-house","9":"first","10":"outofstock","11":"shipping-taxable","12":"purchasable","13":"product-type-simple"},"_links":{"self":[{"href":"https:\/\/libreriahistoriasdebolsillo.com\/index.php\/wp-json\/wp\/v2\/product\/7865","targetHints":{"allow":["GET"]}}],"collection":[{"href":"https:\/\/libreriahistoriasdebolsillo.com\/index.php\/wp-json\/wp\/v2\/product"}],"about":[{"href":"https:\/\/libreriahistoriasdebolsillo.com\/index.php\/wp-json\/wp\/v2\/types\/product"}],"wp:featuredmedia":[{"embeddable":true,"href":"https:\/\/libreriahistoriasdebolsillo.com\/index.php\/wp-json\/wp\/v2\/media\/7866"}],"wp:attachment":[{"href":"https:\/\/libreriahistoriasdebolsillo.com\/index.php\/wp-json\/wp\/v2\/media?parent=7865"}],"wp:term":[{"taxonomy":"product_brand","embeddable":true,"href":"https:\/\/libreriahistoriasdebolsillo.com\/index.php\/wp-json\/wp\/v2\/product_brand?post=7865"},{"taxonomy":"product_cat","embeddable":true,"href":"https:\/\/libreriahistoriasdebolsillo.com\/index.php\/wp-json\/wp\/v2\/product_cat?post=7865"},{"taxonomy":"product_tag","embeddable":true,"href":"https:\/\/libreriahistoriasdebolsillo.com\/index.php\/wp-json\/wp\/v2\/product_tag?post=7865"}],"curies":[{"name":"wp","href":"https:\/\/api.w.org\/{rel}","templated":true}]}}