{"id":7884,"date":"2025-12-12T15:19:20","date_gmt":"2025-12-12T21:19:20","guid":{"rendered":"https:\/\/libreriahistoriasdebolsillo.com\/?post_type=product&#038;p=7884"},"modified":"2026-03-16T16:44:37","modified_gmt":"2026-03-16T22:44:37","slug":"la-isla-del-doctor-schubert","status":"publish","type":"product","link":"https:\/\/libreriahistoriasdebolsillo.com\/index.php\/producto\/la-isla-del-doctor-schubert\/","title":{"rendered":"La isla del doctor Schubert"},"content":{"rendered":"<div class=\"justify\">\n<p><b>El nuevo libro de la autora ganadora del Grand Prix Madame Figaro, el Premio Jan Michalski y el premio David Gistau de Periodismo 2023 y finalista del LiBeraturpreis: el \u00faltimo fen\u00f3meno de la literatura en espa\u00f1ol, traducida a treinta idiomas y comparada con Borges y Coetzee por la cr\u00edtica internacional<\/b><\/p>\n<p>\u00abSencillamente, magistral\u00bb.<br \/>\n<b>Fernando<\/b>\u00a0<b>Aramburu<\/b><\/p>\n<p>\u00abSainz Borgo habla sacando las palabras de las v\u00edsceras m\u00e1s secretas\u00bb.<br \/>\n<b>Antonio Lucas,<\/b><i><b>\u00a0El Mundo<\/b><\/i><\/p>\n<\/div>\n<div class=\"justify\">\n<p><i>\u00abSchubert: una criatura pintada en \u00f3leo sobre cobre, un hombre que despierta la sed en quienes lo miran, un personaje de cuyo pecho parte el kil\u00f3metro cero de una isla que la int\u00e9rprete se propuso contar, aunque del intento quedara, apenas, este pu\u00f1ado de sal. Bienvenidos a la isla del doctor Schubert\u00bb.<\/i><\/p>\n<p>En este relato de imaginaci\u00f3n desbordante y gran belleza, Karina Sainz Borgo mezcla la realidad con lo fant\u00e1stico y el mito para levantar, con una prosa cuidad\u00edsima y muy po\u00e9tica, un mundo nuevo centrado en una isla imaginaria donde habita el doctor Schubert, medio m\u00e9dico y medio aventurero. Esta historia, a la que acompa\u00f1an las sugerentes ilustraciones de Nat\u00e0lia P\u00e0mies, conecta con los grandes libros de aventuras y fantas\u00eda de todos los tiempos, de la<i>\u00a0Odisea<\/i>, de Homero, a<i>\u00a0La isla del doctor Moreau<\/i>\u00a0(a la que homenajea en el t\u00edtulo), de H. G. Wells;<i>\u00a0La isla del tesoro,<\/i>\u00a0de Stevenson, o los relatos m\u00e1s celebrados de Jack London y Emilio Salgari.<\/p>\n<\/div>\n","protected":false},"excerpt":{"rendered":"<p>Karina Sainz Borgo<br \/>\n152 p\u00e1ginas<\/p>\n","protected":false},"featured_media":7885,"template":"","meta":{"_joinchat":[]},"product_brand":[],"product_cat":[33,51],"product_tag":[34],"class_list":{"0":"post-7884","1":"product","2":"type-product","3":"status-publish","4":"has-post-thumbnail","6":"product_cat-ficcion-general","7":"product_cat-oferta","8":"product_tag-penguin-random-house","10":"first","11":"instock","12":"sale","13":"shipping-taxable","14":"purchasable","15":"product-type-simple"},"_links":{"self":[{"href":"https:\/\/libreriahistoriasdebolsillo.com\/index.php\/wp-json\/wp\/v2\/product\/7884","targetHints":{"allow":["GET"]}}],"collection":[{"href":"https:\/\/libreriahistoriasdebolsillo.com\/index.php\/wp-json\/wp\/v2\/product"}],"about":[{"href":"https:\/\/libreriahistoriasdebolsillo.com\/index.php\/wp-json\/wp\/v2\/types\/product"}],"wp:featuredmedia":[{"embeddable":true,"href":"https:\/\/libreriahistoriasdebolsillo.com\/index.php\/wp-json\/wp\/v2\/media\/7885"}],"wp:attachment":[{"href":"https:\/\/libreriahistoriasdebolsillo.com\/index.php\/wp-json\/wp\/v2\/media?parent=7884"}],"wp:term":[{"taxonomy":"product_brand","embeddable":true,"href":"https:\/\/libreriahistoriasdebolsillo.com\/index.php\/wp-json\/wp\/v2\/product_brand?post=7884"},{"taxonomy":"product_cat","embeddable":true,"href":"https:\/\/libreriahistoriasdebolsillo.com\/index.php\/wp-json\/wp\/v2\/product_cat?post=7884"},{"taxonomy":"product_tag","embeddable":true,"href":"https:\/\/libreriahistoriasdebolsillo.com\/index.php\/wp-json\/wp\/v2\/product_tag?post=7884"}],"curies":[{"name":"wp","href":"https:\/\/api.w.org\/{rel}","templated":true}]}}