{"id":7888,"date":"2025-12-12T15:28:10","date_gmt":"2025-12-12T21:28:10","guid":{"rendered":"https:\/\/libreriahistoriasdebolsillo.com\/?post_type=product&#038;p=7888"},"modified":"2025-12-27T14:22:08","modified_gmt":"2025-12-27T20:22:08","slug":"la-luz-del-norte","status":"publish","type":"product","link":"https:\/\/libreriahistoriasdebolsillo.com\/index.php\/producto\/la-luz-del-norte\/","title":{"rendered":"La luz del norte"},"content":{"rendered":"<div class=\"justify\">\n<p><b>Vuelve el autor de\u00a0<i>Seis Cuatro<\/i>\u00a0con una novela de enigma escurridiza, tentadora y sorprendente.<\/b><\/p>\n<p>\u00abEl maestro japon\u00e9s del misterio.\u00bb<br \/>\n<b>David Peace<\/b><\/p>\n<\/div>\n<div class=\"justify\">\n<p>Tras el \u00e9xito de p\u00fablico y cr\u00edtica de\u00a0<i>Seis cuatro<\/i>, Hideo Yokoyama, a quien David Peace ha calificado como \u00abel maestro japon\u00e9s del misterio\u00bb, vuelve a cautivarnos con La luz del norte, una novela de enigma bellamente escrita, colmada de suspense y construida como un rompecabezas.<\/p>\n<p>Minoru Aose es un arquitecto de mediana edad cuya carrera y familia se desmoronaron con el estallido de la burbuja econ\u00f3mica de Jap\u00f3n y que ha acabado refugi\u00e1ndose en la mediocridad. Sin embargo, su vida da un vuelco cuando recibe un encargo muy peculiar: dise\u00f1ar una casa a su antojo en el espl\u00e9ndido terreno que sus clientes, los Yoshino, poseen en las monta\u00f1as.<\/p>\n<p>El resultado final despierta entusiasmo y reconocimiento, y acaba situando a Aose a la vanguardia de su especialidad. Pero un d\u00eda descubre que la casa est\u00e1 vac\u00eda, y que es posible que nadie la haya habitado nunca. Encuentra el modo de entrar y descubre huellas, un tel\u00e9fono conectado y una silla muy peculiar, al parecer dise\u00f1ada por el prestigioso arquitecto modernista Bruno Taut, colocada delante de una ventana por donde entra la luz del norte, pero no hay ni rastro de personas. \u00bfQu\u00e9 ha ocurrido con los Yoshino?<\/p>\n<p>El interrogante se transforma en b\u00fasqueda y luego en una obsesi\u00f3n que llevar\u00e1 a Aose a hurgar en el pasado de sus clientes desaparecidos, as\u00ed como en el origen de aquella silla y el destino de Taut.<\/p>\n<p>Tramada con la misma sutileza que\u00a0<i>Seis Cuatro<\/i>, pero a\u00fan m\u00e1s atmosf\u00e9rica y escurridiza,\u00a0<i>La luz del norte<\/i>\u00a0muestra otra dimensi\u00f3n de la escritura de Hideo Yokoyama, y nos presenta un relato hipn\u00f3tico, tentador y sorprendente cuyo protagonista intenta resolver, bajo una luz incierta y misteriosa, la intrigante desaparici\u00f3n de una familia al tiempo que se reconcilia con los fantasmas de su pasado.<\/p>\n<\/div>\n","protected":false},"excerpt":{"rendered":"<p>Hideo Yokoyama<br \/>\n336 p\u00e1ginas<\/p>\n","protected":false},"featured_media":7889,"template":"","meta":{"_joinchat":[]},"product_brand":[],"product_cat":[37,51],"product_tag":[34],"class_list":{"0":"post-7888","1":"product","2":"type-product","3":"status-publish","4":"has-post-thumbnail","6":"product_cat-misterio-y-thriller","7":"product_cat-oferta","8":"product_tag-penguin-random-house","10":"first","11":"instock","12":"sale","13":"shipping-taxable","14":"purchasable","15":"product-type-simple"},"_links":{"self":[{"href":"https:\/\/libreriahistoriasdebolsillo.com\/index.php\/wp-json\/wp\/v2\/product\/7888","targetHints":{"allow":["GET"]}}],"collection":[{"href":"https:\/\/libreriahistoriasdebolsillo.com\/index.php\/wp-json\/wp\/v2\/product"}],"about":[{"href":"https:\/\/libreriahistoriasdebolsillo.com\/index.php\/wp-json\/wp\/v2\/types\/product"}],"wp:featuredmedia":[{"embeddable":true,"href":"https:\/\/libreriahistoriasdebolsillo.com\/index.php\/wp-json\/wp\/v2\/media\/7889"}],"wp:attachment":[{"href":"https:\/\/libreriahistoriasdebolsillo.com\/index.php\/wp-json\/wp\/v2\/media?parent=7888"}],"wp:term":[{"taxonomy":"product_brand","embeddable":true,"href":"https:\/\/libreriahistoriasdebolsillo.com\/index.php\/wp-json\/wp\/v2\/product_brand?post=7888"},{"taxonomy":"product_cat","embeddable":true,"href":"https:\/\/libreriahistoriasdebolsillo.com\/index.php\/wp-json\/wp\/v2\/product_cat?post=7888"},{"taxonomy":"product_tag","embeddable":true,"href":"https:\/\/libreriahistoriasdebolsillo.com\/index.php\/wp-json\/wp\/v2\/product_tag?post=7888"}],"curies":[{"name":"wp","href":"https:\/\/api.w.org\/{rel}","templated":true}]}}