{"id":7906,"date":"2025-12-12T15:49:37","date_gmt":"2025-12-12T21:49:37","guid":{"rendered":"https:\/\/libreriahistoriasdebolsillo.com\/?post_type=product&#038;p=7906"},"modified":"2026-03-16T13:53:16","modified_gmt":"2026-03-16T19:53:16","slug":"tdah-en-el-adulto","status":"publish","type":"product","link":"https:\/\/libreriahistoriasdebolsillo.com\/index.php\/producto\/tdah-en-el-adulto\/","title":{"rendered":"TDAH en el adulto"},"content":{"rendered":"<div class=\"justify\">\n<p><b>Un libro de referencia sobre el TDAH escrito por una psiquiatra especialista. Juncal Sevilla, presidenta de honor de la primera asociaci\u00f3n de TDAH para adultos de Espa\u00f1a, te explica con rigor todo lo que tienes que saber sobre el Trastorno de D\u00e9ficit de Atenci\u00f3n en la edad adulta.<\/b><\/p>\n<\/div>\n<div class=\"justify\">\n<p>En el colegio te dec\u00edan que eras inteligente pero vago. Te consideras perezoso, aunque te esfuerzas. Te despistas y no te enteras de lo importante en las conversaciones. Pierdes objetos y nunca recuerdas d\u00f3nde aparcas el coche. Llegas tarde a todas partes y procrastinas mucho. Cambias de humor sin saber por qu\u00e9 y confundes horas, fechas y lugares. Te aburres con facilidad y dejas las cosas a medias. Haces gastos innecesarios. Interrumpes las conversaciones. Vives en una sensaci\u00f3n de caos continuo. Padeces ansiedad o tendencias adictivas. Has visitado psiquiatras y psic\u00f3logos, pero sientes que no te entienden.<\/p>\n<p><b>Este es un libro para los y las&#8230;<\/b><br \/>\n&#8230; empanados de este planeta que ma\u00f1ana se ponen,<br \/>\n&#8230; que son muy nerviosos,<br \/>\n&#8230; que no se enteran ni del clima,<br \/>\n&#8230; que siempre est\u00e1n llegando,<br \/>\n&#8230; que pierden hasta la cabeza,<br \/>\n&#8230; que siempre dicen la verdad,<br \/>\n&#8230; que son ordenados en su desordenados en su desorden,<br \/>\n&#8230;\u00a0<b>irredentos<\/b>,<br \/>\n&#8230;\u00a0<b>disruptivos<\/b>,<br \/>\n&#8230;\u00a0<b>exc\u00e9ntricos<\/b>,<br \/>\n&#8230;\u00a0<b>incomprendidos<\/b>.<\/p>\n<p>Si t\u00fa o alguien cercano a ti tiene algunos de estos problemas, puede que el problema sea un TDAH no diagnosticado. La doctora Juncal Sevilla explica en este libro de forma amena pero rigurosa, lo que es realmente el trastorno por d\u00e9ficit de atenci\u00f3n e hiperactividad, m\u00e1s conocido como TDAH, y c\u00f3mo afecta a los adultos.<\/p>\n<\/div>\n","protected":false},"excerpt":{"rendered":"<p>Dra. Juncal Sevilla<br \/>\n176 p\u00e1ginas<\/p>\n","protected":false},"featured_media":7907,"template":"","meta":{"_joinchat":[]},"product_brand":[],"product_cat":[58,70],"product_tag":[34],"class_list":{"0":"post-7906","1":"product","2":"type-product","3":"status-publish","4":"has-post-thumbnail","6":"product_cat-desarrollo-humano-y-superacion","7":"product_cat-novedades","8":"product_tag-penguin-random-house","10":"first","11":"outofstock","12":"shipping-taxable","13":"purchasable","14":"product-type-simple"},"_links":{"self":[{"href":"https:\/\/libreriahistoriasdebolsillo.com\/index.php\/wp-json\/wp\/v2\/product\/7906","targetHints":{"allow":["GET"]}}],"collection":[{"href":"https:\/\/libreriahistoriasdebolsillo.com\/index.php\/wp-json\/wp\/v2\/product"}],"about":[{"href":"https:\/\/libreriahistoriasdebolsillo.com\/index.php\/wp-json\/wp\/v2\/types\/product"}],"wp:featuredmedia":[{"embeddable":true,"href":"https:\/\/libreriahistoriasdebolsillo.com\/index.php\/wp-json\/wp\/v2\/media\/7907"}],"wp:attachment":[{"href":"https:\/\/libreriahistoriasdebolsillo.com\/index.php\/wp-json\/wp\/v2\/media?parent=7906"}],"wp:term":[{"taxonomy":"product_brand","embeddable":true,"href":"https:\/\/libreriahistoriasdebolsillo.com\/index.php\/wp-json\/wp\/v2\/product_brand?post=7906"},{"taxonomy":"product_cat","embeddable":true,"href":"https:\/\/libreriahistoriasdebolsillo.com\/index.php\/wp-json\/wp\/v2\/product_cat?post=7906"},{"taxonomy":"product_tag","embeddable":true,"href":"https:\/\/libreriahistoriasdebolsillo.com\/index.php\/wp-json\/wp\/v2\/product_tag?post=7906"}],"curies":[{"name":"wp","href":"https:\/\/api.w.org\/{rel}","templated":true}]}}