{"id":7910,"date":"2025-12-12T15:55:20","date_gmt":"2025-12-12T21:55:20","guid":{"rendered":"https:\/\/libreriahistoriasdebolsillo.com\/?post_type=product&#038;p=7910"},"modified":"2026-03-14T13:37:41","modified_gmt":"2026-03-14T19:37:41","slug":"nunca-olvides-que-te-quiero","status":"publish","type":"product","link":"https:\/\/libreriahistoriasdebolsillo.com\/index.php\/producto\/nunca-olvides-que-te-quiero\/","title":{"rendered":"Nunca olvides que te quiero"},"content":{"rendered":"<div class=\"justify\">\n<p><b>El autor de\u00a0<\/b><i><b>El cuaderno de Noah\u00a0<\/b><\/i><b>y el director de\u00a0<\/b><i><b>El sexto sentido<\/b><\/i><b>\u00a0firman un emocionante thriller rom\u00e1ntico que aborda los misterios sobrenaturales de la existencia y de la conexi\u00f3n humana.<\/b><\/p>\n<p><b>El amor puede liberarnos de nuestros mayores pesares, pero<\/b><\/p>\n<p><b>\u00bfes capaz de trascender los l\u00edmites de la vida y la muerte?<\/b><\/p>\n<\/div>\n<div class=\"justify\">\n<p>Tate Donovan es un arquitecto neoyorquino que acaba de llegar a Cape Cod para dise\u00f1ar la casa de vacaciones de su mejor amigo. Tate ha pasado los \u00faltimos meses en una cl\u00ednica psiqui\u00e1trica pues la muerte de su hermana Sylvia lo dej\u00f3 sumido en una fuerte depresi\u00f3n. Adem\u00e1s, antes de morir \u00e9sta le hizo una revelaci\u00f3n que le cuesta aceptar: le dijo que pod\u00eda ver los esp\u00edritus que se resisten a abandonar el mundo de los vivos. Tate se niega a creer en algo m\u00e1s all\u00e1 de lo que la raz\u00f3n puede explicar. Pero cuando conoce a Wren, una joven y hermosa mujer que en realidad es el fantasma de la antigua due\u00f1a de la casa en la que se aloja, todas las convicciones que sostienen su mundo se tambalear\u00e1n.<\/p>\n<p>Tate y Wren forjan una conexi\u00f3n inmediata que ninguno de los dos ha experimentado antes. El joven arquitecto se da cuenta de que, para liberar a Wren de su destino, deber\u00e1 desenterrar la verdad sobre su pasado. Una b\u00fasqueda que lo har\u00e1 dudar de si podemos creer en las historias que contamos sobre nosotros mismos y en las leyes que rigen nuestra existencia.<\/p>\n<\/div>\n","protected":false},"excerpt":{"rendered":"<p>Nicholas Sparks y M. Night Shyamalan<br \/>\n328 p\u00e1ginas<\/p>\n","protected":false},"featured_media":7911,"template":"","meta":{"_joinchat":[]},"product_brand":[],"product_cat":[37,70,35],"product_tag":[34],"class_list":{"0":"post-7910","1":"product","2":"type-product","3":"status-publish","4":"has-post-thumbnail","6":"product_cat-misterio-y-thriller","7":"product_cat-novedades","8":"product_cat-romantica","9":"product_tag-penguin-random-house","11":"first","12":"instock","13":"shipping-taxable","14":"purchasable","15":"product-type-simple"},"_links":{"self":[{"href":"https:\/\/libreriahistoriasdebolsillo.com\/index.php\/wp-json\/wp\/v2\/product\/7910","targetHints":{"allow":["GET"]}}],"collection":[{"href":"https:\/\/libreriahistoriasdebolsillo.com\/index.php\/wp-json\/wp\/v2\/product"}],"about":[{"href":"https:\/\/libreriahistoriasdebolsillo.com\/index.php\/wp-json\/wp\/v2\/types\/product"}],"wp:featuredmedia":[{"embeddable":true,"href":"https:\/\/libreriahistoriasdebolsillo.com\/index.php\/wp-json\/wp\/v2\/media\/7911"}],"wp:attachment":[{"href":"https:\/\/libreriahistoriasdebolsillo.com\/index.php\/wp-json\/wp\/v2\/media?parent=7910"}],"wp:term":[{"taxonomy":"product_brand","embeddable":true,"href":"https:\/\/libreriahistoriasdebolsillo.com\/index.php\/wp-json\/wp\/v2\/product_brand?post=7910"},{"taxonomy":"product_cat","embeddable":true,"href":"https:\/\/libreriahistoriasdebolsillo.com\/index.php\/wp-json\/wp\/v2\/product_cat?post=7910"},{"taxonomy":"product_tag","embeddable":true,"href":"https:\/\/libreriahistoriasdebolsillo.com\/index.php\/wp-json\/wp\/v2\/product_tag?post=7910"}],"curies":[{"name":"wp","href":"https:\/\/api.w.org\/{rel}","templated":true}]}}