{"id":7919,"date":"2025-12-12T16:09:19","date_gmt":"2025-12-12T22:09:19","guid":{"rendered":"https:\/\/libreriahistoriasdebolsillo.com\/?post_type=product&#038;p=7919"},"modified":"2026-04-30T16:50:24","modified_gmt":"2026-04-30T22:50:24","slug":"el-nacimiento-de-un-heroe","status":"publish","type":"product","link":"https:\/\/libreriahistoriasdebolsillo.com\/index.php\/producto\/el-nacimiento-de-un-heroe\/","title":{"rendered":"El nacimiento de un h\u00e9roe"},"content":{"rendered":"<div class=\"justify\">\n<p><b>\u00abLos mundos fant\u00e1sticos de Jin Yong rivalizan con los de J.R.R. Tolkien en creatividad, amplitud y profundidad.\u00bb Quartzy<\/b><\/p>\n<\/div>\n<div class=\"justify\">\n<p>Consideradas un cl\u00e1sico moderno de la\u00a0<b>literatura china<\/b>, las\u00a0<b>\u00abLeyendas de los H\u00e9roes C\u00f3ndor\u00bb<\/b>\u00a0conforman la serie m\u00e1s popular sobre las artes marciales publicada en el pa\u00eds asi\u00e1tico. Con esta primera entrega,<b>\u00a0repleta de acci\u00f3n<\/b>\u00a0y\u00a0<b>combates de kung-fu<\/b>\u00a0que desaf\u00edan la gravedad, pero tambi\u00e9n de\u00a0<b>amor, lealtad y traici\u00f3n<\/b>, los lectores en lengua castellana podr\u00e1n disfrutar por primera vez de esta\u00a0<b>epopeya fant\u00e1stica<\/b>\u00a0basada en hechos hist\u00f3ricos que ha sumado, desde su aparici\u00f3n, m\u00e1s de trescientos millones de libros vendidos.<\/p>\n<p><b>China, a\u00f1o 1200<\/b>.\u00a0<b>El Imperio song<\/b>\u00a0ha sido invadido por sus belicosos vecinos del norte, los yurchen. La mitad del territorio y su capital yacen en manos enemigas; los campesinos trabajan sin descanso, sometidos al tributo anual que exigen los vencedores. Entretanto, en la estepa mongola, una naci\u00f3n de grandes guerreros est\u00e1 a punto de unirse bajo el mando del\u00a0<b>Gran Kan Temujin<\/b>, un se\u00f1or de la guerra cuyo nombre perdurar\u00e1 eternamente. Guo Jing, hijo de un patriota song asesinado que ha crecido con el ej\u00e9rcito del Gran Kan, es un muchacho humilde, leal y algo temerario que desde su nacimiento est\u00e1 llamado a enfrentarse a un oponente tan experto como \u00e9l en las artes marciales. Guiado por sus\u00a0<b>fieles shifus<\/b>,\u00a0<b>los Siete H\u00e9roes del Sur<\/b>, Guo Jing debe regresar a China -al Jard\u00edn de los Ocho Inmortales Borrachos, en Jiaxing- para cumplir con su destino, pero su valor y sus fidelidades se ver\u00e1n puestos a prueba a cada paso en una tierra dividida por la\u00a0<b>guerra y la perfidia<\/b>.<\/p>\n<\/div>\n","protected":false},"excerpt":{"rendered":"<p>Jin Yong<br \/>\n432 p\u00e1ginas<\/p>\n","protected":false},"featured_media":7920,"template":"","meta":{"_joinchat":[]},"product_brand":[],"product_cat":[39],"product_tag":[34],"class_list":{"0":"post-7919","1":"product","2":"type-product","3":"status-publish","4":"has-post-thumbnail","6":"product_cat-fantasia","7":"product_tag-penguin-random-house","9":"first","10":"outofstock","11":"sale","12":"shipping-taxable","13":"purchasable","14":"product-type-simple"},"_links":{"self":[{"href":"https:\/\/libreriahistoriasdebolsillo.com\/index.php\/wp-json\/wp\/v2\/product\/7919","targetHints":{"allow":["GET"]}}],"collection":[{"href":"https:\/\/libreriahistoriasdebolsillo.com\/index.php\/wp-json\/wp\/v2\/product"}],"about":[{"href":"https:\/\/libreriahistoriasdebolsillo.com\/index.php\/wp-json\/wp\/v2\/types\/product"}],"wp:featuredmedia":[{"embeddable":true,"href":"https:\/\/libreriahistoriasdebolsillo.com\/index.php\/wp-json\/wp\/v2\/media\/7920"}],"wp:attachment":[{"href":"https:\/\/libreriahistoriasdebolsillo.com\/index.php\/wp-json\/wp\/v2\/media?parent=7919"}],"wp:term":[{"taxonomy":"product_brand","embeddable":true,"href":"https:\/\/libreriahistoriasdebolsillo.com\/index.php\/wp-json\/wp\/v2\/product_brand?post=7919"},{"taxonomy":"product_cat","embeddable":true,"href":"https:\/\/libreriahistoriasdebolsillo.com\/index.php\/wp-json\/wp\/v2\/product_cat?post=7919"},{"taxonomy":"product_tag","embeddable":true,"href":"https:\/\/libreriahistoriasdebolsillo.com\/index.php\/wp-json\/wp\/v2\/product_tag?post=7919"}],"curies":[{"name":"wp","href":"https:\/\/api.w.org\/{rel}","templated":true}]}}