{"id":7936,"date":"2025-12-15T19:00:13","date_gmt":"2025-12-16T01:00:13","guid":{"rendered":"https:\/\/libreriahistoriasdebolsillo.com\/?post_type=product&#038;p=7936"},"modified":"2026-04-30T16:50:00","modified_gmt":"2026-04-30T22:50:00","slug":"el-brillo-de-las-luciernagas","status":"publish","type":"product","link":"https:\/\/libreriahistoriasdebolsillo.com\/index.php\/producto\/el-brillo-de-las-luciernagas\/","title":{"rendered":"El brillo de las luci\u00e9rnagas"},"content":{"rendered":"<div class=\"justify\">\n<p><b>EL FEN\u00d3MENO EDITORIAL DEL A\u00d1O EN REDES<\/b>\u00a0<b>SOCIALES.<\/b><\/p>\n<p><b>El bestseller internacional que ha vendido m\u00e1s de 250.000 ejemplares, consagrando a Paul Pen como el autor de<i>\u00a0thriller<\/i>\u00a0del momento.<\/b><\/p>\n<p>\u00abUn regalo para los amantes de las historias llenas de tensi\u00f3n\u00bb.<\/p>\n<p><b><i>Publisher\u2019s<\/i>\u00a0<i>Weekly<\/i><\/b><\/p>\n<\/div>\n<div class=\"justify\">\n<p>Tengo diez a\u00f1os y llevo toda mi vida en este s\u00f3tano.<\/p>\n<p>Vivo en la oscuridad con mis padres, mi abuela, mi hermana y mi hermano. Todos est\u00e1n desfigurados por el fuego. Mi hermana lleva una m\u00e1scara blanca para tapar sus quemaduras porque pap\u00e1 dice que su cara podr\u00eda asustarme.<\/p>\n<p>Me gusta mi cactus. Me gusta leer mi libro sobre insectos. Y tocar durante horas el \u00fanico rayo de sol que se filtra por una rendija del techo. Pero, desde que mi hermana tuvo al beb\u00e9, todos act\u00faan de forma extra\u00f1a. Creo que mienten sobre qui\u00e9n es el padre, sobre el hombre grillo que acecha por las noches, sobre lo que sucedi\u00f3 antes de que yo naciera, sobre por qu\u00e9 estamos aqu\u00ed encerrados.<\/p>\n<p>Por lo menos tengo a las luci\u00e9rnagas. Llegaron hace unos d\u00edas al s\u00f3tano y las he guardado en un bote. Como dice mi abuela, no existe criatura m\u00e1s fascinante que aquella que es capaz de crear luz por s\u00ed misma. Esa luz me anima a conocer el mundo exterior, a escapar, a descubrir qu\u00e9 sucedi\u00f3. Lo malo es que aqu\u00ed todas las puertas est\u00e1n cerradas. Y no s\u00e9 d\u00f3nde voy a encontrar una salida&#8230;<\/p>\n<\/div>\n","protected":false},"excerpt":{"rendered":"<p>Paul Pen<br \/>\n376 p\u00e1ginas<\/p>\n","protected":false},"featured_media":7937,"template":"","meta":{"_joinchat":[]},"product_brand":[],"product_cat":[37,70],"product_tag":[34],"class_list":{"0":"post-7936","1":"product","2":"type-product","3":"status-publish","4":"has-post-thumbnail","6":"product_cat-misterio-y-thriller","7":"product_cat-novedades","8":"product_tag-penguin-random-house","10":"first","11":"instock","12":"shipping-taxable","13":"purchasable","14":"product-type-simple"},"_links":{"self":[{"href":"https:\/\/libreriahistoriasdebolsillo.com\/index.php\/wp-json\/wp\/v2\/product\/7936","targetHints":{"allow":["GET"]}}],"collection":[{"href":"https:\/\/libreriahistoriasdebolsillo.com\/index.php\/wp-json\/wp\/v2\/product"}],"about":[{"href":"https:\/\/libreriahistoriasdebolsillo.com\/index.php\/wp-json\/wp\/v2\/types\/product"}],"wp:featuredmedia":[{"embeddable":true,"href":"https:\/\/libreriahistoriasdebolsillo.com\/index.php\/wp-json\/wp\/v2\/media\/7937"}],"wp:attachment":[{"href":"https:\/\/libreriahistoriasdebolsillo.com\/index.php\/wp-json\/wp\/v2\/media?parent=7936"}],"wp:term":[{"taxonomy":"product_brand","embeddable":true,"href":"https:\/\/libreriahistoriasdebolsillo.com\/index.php\/wp-json\/wp\/v2\/product_brand?post=7936"},{"taxonomy":"product_cat","embeddable":true,"href":"https:\/\/libreriahistoriasdebolsillo.com\/index.php\/wp-json\/wp\/v2\/product_cat?post=7936"},{"taxonomy":"product_tag","embeddable":true,"href":"https:\/\/libreriahistoriasdebolsillo.com\/index.php\/wp-json\/wp\/v2\/product_tag?post=7936"}],"curies":[{"name":"wp","href":"https:\/\/api.w.org\/{rel}","templated":true}]}}