{"id":7964,"date":"2026-01-10T11:05:50","date_gmt":"2026-01-10T17:05:50","guid":{"rendered":"https:\/\/libreriahistoriasdebolsillo.com\/?post_type=product&#038;p=7964"},"modified":"2026-03-27T17:12:34","modified_gmt":"2026-03-27T23:12:34","slug":"cruel-es-la-luz-1-cruel-es-la-luz","status":"publish","type":"product","link":"https:\/\/libreriahistoriasdebolsillo.com\/index.php\/producto\/cruel-es-la-luz-1-cruel-es-la-luz\/","title":{"rendered":"Cruel es la luz 1. Cruel es la luz"},"content":{"rendered":"<div class=\"justify\">\n<p><u><b>UN BESTSELLER INSTANT\u00c1NEO<\/b><\/u><\/p>\n<p><b>El nuevo fen\u00f3meno de romantasy \u00e9pico del que todo el mundo habla y que se convertir\u00e1 en tu nueva obsesi\u00f3n.<\/b><\/p>\n<\/div>\n<div class=\"justify\">\n<p><b>Dicen que el amor todo lo puede\u2026, pero \u00bfconseguir\u00e1 ganar en una guerra entre demonios y exorcistas, o ser\u00e1 lo que acabe por separarlos\u2026?<\/b><\/p>\n<p>Desde hace m\u00e1s de un siglo, demonios y humanos se enfrentan a diario en una guerra que asola toda Europa. En ella se encuentran dos soldados de \u00e9lite:\u00a0<b>Selene Alleva<\/b>, la mejor exorcista de su curso en la Academia Vaticana, y\u00a0<b>Jules Lacroix<\/b>, el mejor soldado de a pie de su regimiento.<\/p>\n<p>Cuando sus caminos se cruzan, desconf\u00edan el uno del otro, pero, a medida que su misi\u00f3n avanza, surge una chispa entre ellos, y juntos descubren un secreto en el coraz\u00f3n de la Ciudad del Vaticano que podr\u00eda cambiarlo todo.<\/p>\n<p><b>En un mundo lleno de secretos y reglas, Jules y Selene deber\u00e1n decidir qu\u00e9 es m\u00e1s importante: el amor o<\/b>\u00a0<b>el honor.<\/b><\/p>\n<p><i><b>Asesino de brujas<\/b><\/i>\u00a0<b>se mezcla con<\/b>\u00a0<i><b>El imperio del vampiro<\/b><\/i><b>, con un romance prohibido de enemies-to-lovers. Perfecto para fans de<\/b>\u00a0<i><b>Powerless<\/b><\/i><b>,<\/b>\u00a0<i><b>Alas de<\/b><\/i>\u00a0<i><b>sangre<\/b><\/i><b>\u00a0o<\/b>\u00a0<i><b>Rivales divinos<\/b><\/i><b>.<\/b><\/p>\n<\/div>\n","protected":false},"excerpt":{"rendered":"<p>Sophie Clark<br \/>\n560 p\u00e1ginas<\/p>\n","protected":false},"featured_media":7965,"template":"","meta":{"_joinchat":[]},"product_brand":[],"product_cat":[70,76],"product_tag":[34],"class_list":{"0":"post-7964","1":"product","2":"type-product","3":"status-publish","4":"has-post-thumbnail","6":"product_cat-novedades","7":"product_cat-romantasy","8":"product_tag-penguin-random-house","10":"first","11":"instock","12":"shipping-taxable","13":"purchasable","14":"product-type-simple"},"_links":{"self":[{"href":"https:\/\/libreriahistoriasdebolsillo.com\/index.php\/wp-json\/wp\/v2\/product\/7964","targetHints":{"allow":["GET"]}}],"collection":[{"href":"https:\/\/libreriahistoriasdebolsillo.com\/index.php\/wp-json\/wp\/v2\/product"}],"about":[{"href":"https:\/\/libreriahistoriasdebolsillo.com\/index.php\/wp-json\/wp\/v2\/types\/product"}],"wp:featuredmedia":[{"embeddable":true,"href":"https:\/\/libreriahistoriasdebolsillo.com\/index.php\/wp-json\/wp\/v2\/media\/7965"}],"wp:attachment":[{"href":"https:\/\/libreriahistoriasdebolsillo.com\/index.php\/wp-json\/wp\/v2\/media?parent=7964"}],"wp:term":[{"taxonomy":"product_brand","embeddable":true,"href":"https:\/\/libreriahistoriasdebolsillo.com\/index.php\/wp-json\/wp\/v2\/product_brand?post=7964"},{"taxonomy":"product_cat","embeddable":true,"href":"https:\/\/libreriahistoriasdebolsillo.com\/index.php\/wp-json\/wp\/v2\/product_cat?post=7964"},{"taxonomy":"product_tag","embeddable":true,"href":"https:\/\/libreriahistoriasdebolsillo.com\/index.php\/wp-json\/wp\/v2\/product_tag?post=7964"}],"curies":[{"name":"wp","href":"https:\/\/api.w.org\/{rel}","templated":true}]}}