{"id":7993,"date":"2026-01-22T16:13:17","date_gmt":"2026-01-22T22:13:17","guid":{"rendered":"https:\/\/libreriahistoriasdebolsillo.com\/?post_type=product&#038;p=7993"},"modified":"2026-04-25T15:07:41","modified_gmt":"2026-04-25T21:07:41","slug":"boulevard-3-antes-de-ella","status":"publish","type":"product","link":"https:\/\/libreriahistoriasdebolsillo.com\/index.php\/producto\/boulevard-3-antes-de-ella\/","title":{"rendered":"Boulevard 3. Antes de ella"},"content":{"rendered":"<div class=\"justify\">\n<p><b>\u00bfQu\u00e9 fue primero?<\/b><\/p>\n<p><b>\u00bfQu\u00e9 fue primero?<\/b><\/p>\n<p><b>\u00bfLos ojos azules o los caf\u00e9s?<\/b><\/p>\n<p><b>\u00bfy si el boulevard fue de alguien m\u00e1s?<\/b><\/p>\n<\/div>\n<div class=\"justify\">\n<p>Antes de Hasley Weigel, existi\u00f3 Bella Adams: el primer amor de Luke, la chica que crey\u00f3 que el tiempo pod\u00eda construir un \u00abpara siempre\u00bb.Durante casi dos a\u00f1os, Bella pele\u00f3 contra el muro que Luke levant\u00f3 para no sentir, hasta que se cans\u00f3 de romperse en silencio y decidi\u00f3 dejarlo ir&#8230; Esta historia demuestra que el destino no se mide en tiempo ni en promesas. A veces, puede llegar una persona y hacerte sentir en un instante lo que no hab\u00edas sentido en a\u00f1os<\/p>\n<\/div>\n","protected":false},"excerpt":{"rendered":"<p>Flor M. Salvador<br \/>\n320 p\u00e1ginas<\/p>\n","protected":false},"featured_media":7994,"template":"","meta":{"_joinchat":[]},"product_brand":[],"product_cat":[70,35],"product_tag":[34],"class_list":{"0":"post-7993","1":"product","2":"type-product","3":"status-publish","4":"has-post-thumbnail","6":"product_cat-novedades","7":"product_cat-romantica","8":"product_tag-penguin-random-house","10":"first","11":"instock","12":"shipping-taxable","13":"purchasable","14":"product-type-simple"},"_links":{"self":[{"href":"https:\/\/libreriahistoriasdebolsillo.com\/index.php\/wp-json\/wp\/v2\/product\/7993","targetHints":{"allow":["GET"]}}],"collection":[{"href":"https:\/\/libreriahistoriasdebolsillo.com\/index.php\/wp-json\/wp\/v2\/product"}],"about":[{"href":"https:\/\/libreriahistoriasdebolsillo.com\/index.php\/wp-json\/wp\/v2\/types\/product"}],"wp:featuredmedia":[{"embeddable":true,"href":"https:\/\/libreriahistoriasdebolsillo.com\/index.php\/wp-json\/wp\/v2\/media\/7994"}],"wp:attachment":[{"href":"https:\/\/libreriahistoriasdebolsillo.com\/index.php\/wp-json\/wp\/v2\/media?parent=7993"}],"wp:term":[{"taxonomy":"product_brand","embeddable":true,"href":"https:\/\/libreriahistoriasdebolsillo.com\/index.php\/wp-json\/wp\/v2\/product_brand?post=7993"},{"taxonomy":"product_cat","embeddable":true,"href":"https:\/\/libreriahistoriasdebolsillo.com\/index.php\/wp-json\/wp\/v2\/product_cat?post=7993"},{"taxonomy":"product_tag","embeddable":true,"href":"https:\/\/libreriahistoriasdebolsillo.com\/index.php\/wp-json\/wp\/v2\/product_tag?post=7993"}],"curies":[{"name":"wp","href":"https:\/\/api.w.org\/{rel}","templated":true}]}}