{"id":7998,"date":"2026-01-22T16:16:53","date_gmt":"2026-01-22T22:16:53","guid":{"rendered":"https:\/\/libreriahistoriasdebolsillo.com\/?post_type=product&#038;p=7998"},"modified":"2026-01-22T16:16:53","modified_gmt":"2026-01-22T22:16:53","slug":"cometas-en-el-cielo","status":"publish","type":"product","link":"https:\/\/libreriahistoriasdebolsillo.com\/index.php\/producto\/cometas-en-el-cielo\/","title":{"rendered":"Cometas en el cielo"},"content":{"rendered":"<div class=\"justify\">\n<p><b>Con m\u00e1s de veintitr\u00e9s millones de ejemplares vendidos en cincuenta y cuatro lenguas y un mill\u00f3n en castellano, Cometas en el cielo es una fabulosa historia sobre las repercusiones de la maldad personal y pol\u00edtica en el mundo contempor\u00e1neo.<\/b><\/p>\n<\/div>\n<div class=\"justify\">\n<p>En el invierno de 1975, en un\u00a0<b>Afganist\u00e1n<\/b>\u00a0respetuoso de sus ricas tradiciones ancestrales, la vida en\u00a0<b>Kabul<\/b>\u00a0discurre con toda la intensidad, la pujanza y el colorido de una ciudad confiada en su futuro. A sus doce a\u00f1os, Amir solo quiere\u00a0<b>ganar<\/b>\u00a0<b>la competici\u00f3n<\/b>\u00a0anual de cometas, con la ayuda de su leal amigo Hassan. Sin embargo, ninguno de los dos puede prever que latarde del concurso un acto de suma crueldad acabar\u00e1 marcando sus vidas para siempre. Mucho despu\u00e9s,\u00a0<b>exiliado en Estados Unidos<\/b>, Amir comprender\u00e1 que debe\u00a0<b>volver al Afganist\u00e1n<\/b>\u00a0sometido por los\u00a0<b>talibanes<\/b>\u00a0para buscar lo \u00fanico que su nuevo mundo no puede concederle: la redenci\u00f3n.<\/p>\n<\/div>\n","protected":false},"excerpt":{"rendered":"<p>Khaled Hosseini<br \/>\n384 p\u00e1ginas<\/p>\n","protected":false},"featured_media":7999,"template":"","meta":{"_joinchat":[]},"product_brand":[],"product_cat":[33],"product_tag":[34],"class_list":{"0":"post-7998","1":"product","2":"type-product","3":"status-publish","4":"has-post-thumbnail","6":"product_cat-ficcion-general","7":"product_tag-penguin-random-house","9":"first","10":"outofstock","11":"shipping-taxable","12":"purchasable","13":"product-type-simple"},"_links":{"self":[{"href":"https:\/\/libreriahistoriasdebolsillo.com\/index.php\/wp-json\/wp\/v2\/product\/7998","targetHints":{"allow":["GET"]}}],"collection":[{"href":"https:\/\/libreriahistoriasdebolsillo.com\/index.php\/wp-json\/wp\/v2\/product"}],"about":[{"href":"https:\/\/libreriahistoriasdebolsillo.com\/index.php\/wp-json\/wp\/v2\/types\/product"}],"wp:featuredmedia":[{"embeddable":true,"href":"https:\/\/libreriahistoriasdebolsillo.com\/index.php\/wp-json\/wp\/v2\/media\/7999"}],"wp:attachment":[{"href":"https:\/\/libreriahistoriasdebolsillo.com\/index.php\/wp-json\/wp\/v2\/media?parent=7998"}],"wp:term":[{"taxonomy":"product_brand","embeddable":true,"href":"https:\/\/libreriahistoriasdebolsillo.com\/index.php\/wp-json\/wp\/v2\/product_brand?post=7998"},{"taxonomy":"product_cat","embeddable":true,"href":"https:\/\/libreriahistoriasdebolsillo.com\/index.php\/wp-json\/wp\/v2\/product_cat?post=7998"},{"taxonomy":"product_tag","embeddable":true,"href":"https:\/\/libreriahistoriasdebolsillo.com\/index.php\/wp-json\/wp\/v2\/product_tag?post=7998"}],"curies":[{"name":"wp","href":"https:\/\/api.w.org\/{rel}","templated":true}]}}