{"id":8006,"date":"2026-01-22T16:26:23","date_gmt":"2026-01-22T22:26:23","guid":{"rendered":"https:\/\/libreriahistoriasdebolsillo.com\/?post_type=product&#038;p=8006"},"modified":"2026-01-28T16:52:31","modified_gmt":"2026-01-28T22:52:31","slug":"la-corte-de-la-muerte","status":"publish","type":"product","link":"https:\/\/libreriahistoriasdebolsillo.com\/index.php\/producto\/la-corte-de-la-muerte\/","title":{"rendered":"La corte de la muerte"},"content":{"rendered":"<div class=\"justify\">\n<p><b>DE LAS AVENTURAS DE PERCY JACKSON: UNA AMENAZA FINAL. UNA HISTORIA ETERNA.<\/b><\/p>\n<\/div>\n<div class=\"justify\">\n<p>Han pasado tres meses desde que los semidioses Nico di Angelo y Will Solace volvieron del T\u00e1rtaro. Todo parece estar en calma\u2026 hasta que Hazel, la hermanastra de Nico, les pide que vayan al Campamento J\u00fapiter para ayudarla con un asunto.<\/p>\n<p>Sin embargo, no les cuenta que le ha dado cobijo a un grupo de monstruos, ahora llamados m\u00edticos, que han decidido que no tienen por qu\u00e9 ser malvados. Aunque la convivencia no siempre ser\u00e1 f\u00e1cil&#8230;<\/p>\n<p>Cuando los m\u00edticos empiezan a desaparecer del campamento, queda claro que algo se les escapa. \u00bfQui\u00e9n est\u00e1 detr\u00e1s de las desapariciones? \u00bfAcaso tiene que ver con una fuerza oscura? \u00bfY si Nico, Will y Hazel est\u00e1n conectados con ella?<\/p>\n<p><b>VUELVE AL MUNDO DE PERCY JACKSON EN UNA NUEVA AVENTURA DE LOS PERSONAJES M\u00c1S ADMIRADOS DE LA SAGA.<\/b><\/p>\n<\/div>\n","protected":false},"excerpt":{"rendered":"<p>Rick Riordan<br \/>\n464 p\u00e1ginas<\/p>\n","protected":false},"featured_media":8007,"template":"","meta":{"_joinchat":[]},"product_brand":[],"product_cat":[39,52,70],"product_tag":[34],"class_list":{"0":"post-8006","1":"product","2":"type-product","3":"status-publish","4":"has-post-thumbnail","6":"product_cat-fantasia","7":"product_cat-juvenil","8":"product_cat-novedades","9":"product_tag-penguin-random-house","11":"first","12":"outofstock","13":"shipping-taxable","14":"purchasable","15":"product-type-simple"},"_links":{"self":[{"href":"https:\/\/libreriahistoriasdebolsillo.com\/index.php\/wp-json\/wp\/v2\/product\/8006","targetHints":{"allow":["GET"]}}],"collection":[{"href":"https:\/\/libreriahistoriasdebolsillo.com\/index.php\/wp-json\/wp\/v2\/product"}],"about":[{"href":"https:\/\/libreriahistoriasdebolsillo.com\/index.php\/wp-json\/wp\/v2\/types\/product"}],"wp:featuredmedia":[{"embeddable":true,"href":"https:\/\/libreriahistoriasdebolsillo.com\/index.php\/wp-json\/wp\/v2\/media\/8007"}],"wp:attachment":[{"href":"https:\/\/libreriahistoriasdebolsillo.com\/index.php\/wp-json\/wp\/v2\/media?parent=8006"}],"wp:term":[{"taxonomy":"product_brand","embeddable":true,"href":"https:\/\/libreriahistoriasdebolsillo.com\/index.php\/wp-json\/wp\/v2\/product_brand?post=8006"},{"taxonomy":"product_cat","embeddable":true,"href":"https:\/\/libreriahistoriasdebolsillo.com\/index.php\/wp-json\/wp\/v2\/product_cat?post=8006"},{"taxonomy":"product_tag","embeddable":true,"href":"https:\/\/libreriahistoriasdebolsillo.com\/index.php\/wp-json\/wp\/v2\/product_tag?post=8006"}],"curies":[{"name":"wp","href":"https:\/\/api.w.org\/{rel}","templated":true}]}}