{"id":8012,"date":"2026-01-22T16:32:17","date_gmt":"2026-01-22T22:32:17","guid":{"rendered":"https:\/\/libreriahistoriasdebolsillo.com\/?post_type=product&#038;p=8012"},"modified":"2026-01-26T18:33:43","modified_gmt":"2026-01-27T00:33:43","slug":"la-mascara-de-la-muerte-roja-y-otros-cuentos-goticos","status":"publish","type":"product","link":"https:\/\/libreriahistoriasdebolsillo.com\/index.php\/producto\/la-mascara-de-la-muerte-roja-y-otros-cuentos-goticos\/","title":{"rendered":"La m\u00e1scara de la muerte roja y otros cuentos g\u00f3ticos"},"content":{"rendered":"<div class=\"justify\">\n<p><b>Llega a nuestra colecci\u00f3n Penguin Cl\u00e1sicos G\u00f3ticos una cuidada selecci\u00f3n de los cuentos m\u00e1s fascinantes del maestro del terror Edgar Allan Poe.<\/b><\/p>\n<\/div>\n<div class=\"justify\">\n<p>Esta terror\u00edfica selecci\u00f3n de cuentos recibe el nombre de uno de los relatos m\u00e1s referenciados y adaptados del autor: La m\u00e1scara de la muerte roja, una alegor\u00eda sobre la inevitabilidad de la muerte. Junto a otros tan espeluznantes como El coraz\u00f3n delator o La ca\u00edda de la casa Usher, completamos esta preciosa edici\u00f3n que ya forma parte de nuestra colecci\u00f3n Penguin Cl\u00e1sicos G\u00f3ticos.<\/p>\n<\/div>\n","protected":false},"excerpt":{"rendered":"<p>Edgar Allan Poe<br \/>\n160 p\u00e1ginas<\/p>\n","protected":false},"featured_media":8013,"template":"","meta":{"_joinchat":[]},"product_brand":[],"product_cat":[42],"product_tag":[34],"class_list":{"0":"post-8012","1":"product","2":"type-product","3":"status-publish","4":"has-post-thumbnail","6":"product_cat-literatura-clasica","7":"product_tag-penguin-random-house","9":"first","10":"instock","11":"shipping-taxable","12":"purchasable","13":"product-type-simple"},"_links":{"self":[{"href":"https:\/\/libreriahistoriasdebolsillo.com\/index.php\/wp-json\/wp\/v2\/product\/8012","targetHints":{"allow":["GET"]}}],"collection":[{"href":"https:\/\/libreriahistoriasdebolsillo.com\/index.php\/wp-json\/wp\/v2\/product"}],"about":[{"href":"https:\/\/libreriahistoriasdebolsillo.com\/index.php\/wp-json\/wp\/v2\/types\/product"}],"wp:featuredmedia":[{"embeddable":true,"href":"https:\/\/libreriahistoriasdebolsillo.com\/index.php\/wp-json\/wp\/v2\/media\/8013"}],"wp:attachment":[{"href":"https:\/\/libreriahistoriasdebolsillo.com\/index.php\/wp-json\/wp\/v2\/media?parent=8012"}],"wp:term":[{"taxonomy":"product_brand","embeddable":true,"href":"https:\/\/libreriahistoriasdebolsillo.com\/index.php\/wp-json\/wp\/v2\/product_brand?post=8012"},{"taxonomy":"product_cat","embeddable":true,"href":"https:\/\/libreriahistoriasdebolsillo.com\/index.php\/wp-json\/wp\/v2\/product_cat?post=8012"},{"taxonomy":"product_tag","embeddable":true,"href":"https:\/\/libreriahistoriasdebolsillo.com\/index.php\/wp-json\/wp\/v2\/product_tag?post=8012"}],"curies":[{"name":"wp","href":"https:\/\/api.w.org\/{rel}","templated":true}]}}