{"id":8032,"date":"2026-01-30T15:36:57","date_gmt":"2026-01-30T21:36:57","guid":{"rendered":"https:\/\/libreriahistoriasdebolsillo.com\/?post_type=product&#038;p=8032"},"modified":"2026-02-03T12:19:39","modified_gmt":"2026-02-03T18:19:39","slug":"legado-de-dioses-5-god-of-fury","status":"publish","type":"product","link":"https:\/\/libreriahistoriasdebolsillo.com\/index.php\/producto\/legado-de-dioses-5-god-of-fury\/","title":{"rendered":"Legado de Dioses 5. God of fury"},"content":{"rendered":"<div class=\"justify\">\n<p><b>Rina Kent vuelve con una historia de deseo y destrucci\u00f3n.<\/b><\/p>\n<p><b>Un pr\u00edncipe de la mafia neoyorquina. Un chico de oro brit\u00e1nico.<\/b><\/p>\n<p><b>Y un juego peligroso donde el amor se mancha de sangre.<\/b><\/p>\n<\/div>\n<div class=\"justify\">\n<p>No me atraen los hombres. O eso cre\u00eda antes de chocar con Nikolai Sokolov. Un heredero de la mafia, un bastardo notorio y un monstruo violento.<\/p>\n<p>Un encuentro desafortunado me pone en su camino. Y as\u00ed como as\u00ed, tiene sus ojos puestos en m\u00ed.<\/p>\n<p>Un artista tranquilo, un chico de oro y el hermano gemelo de su enemigo. No parece importarle que las probabilidades est\u00e9n en nuestra contra. De hecho, se propone romper mi control de acero y desdibujar mis l\u00edmites.<\/p>\n<p>Cre\u00eda que mi mayor preocupaci\u00f3n era que Nikolai se fijara en m\u00ed. Estoy aprendiendo por las malas que ser deseado por esta hermosa pesadilla es mucho peor.<\/p>\n<p>Este libro puede leerse por s\u00ed solo, pero para comprender mejor el mundo, quiz\u00e1 quieras empezar por\u00a0<i>God of Malice<\/i>.<\/p>\n<\/div>\n","protected":false},"excerpt":{"rendered":"<p>Rina Kent<br \/>\n576 p\u00e1ginas<\/p>\n","protected":false},"featured_media":8033,"template":"","meta":{"_joinchat":[]},"product_brand":[],"product_cat":[63,38,70],"product_tag":[34],"class_list":{"0":"post-8032","1":"product","2":"type-product","3":"status-publish","4":"has-post-thumbnail","6":"product_cat-dark-romance","7":"product_cat-lgbtq","8":"product_cat-novedades","9":"product_tag-penguin-random-house","11":"first","12":"instock","13":"shipping-taxable","14":"purchasable","15":"product-type-simple"},"_links":{"self":[{"href":"https:\/\/libreriahistoriasdebolsillo.com\/index.php\/wp-json\/wp\/v2\/product\/8032","targetHints":{"allow":["GET"]}}],"collection":[{"href":"https:\/\/libreriahistoriasdebolsillo.com\/index.php\/wp-json\/wp\/v2\/product"}],"about":[{"href":"https:\/\/libreriahistoriasdebolsillo.com\/index.php\/wp-json\/wp\/v2\/types\/product"}],"wp:featuredmedia":[{"embeddable":true,"href":"https:\/\/libreriahistoriasdebolsillo.com\/index.php\/wp-json\/wp\/v2\/media\/8033"}],"wp:attachment":[{"href":"https:\/\/libreriahistoriasdebolsillo.com\/index.php\/wp-json\/wp\/v2\/media?parent=8032"}],"wp:term":[{"taxonomy":"product_brand","embeddable":true,"href":"https:\/\/libreriahistoriasdebolsillo.com\/index.php\/wp-json\/wp\/v2\/product_brand?post=8032"},{"taxonomy":"product_cat","embeddable":true,"href":"https:\/\/libreriahistoriasdebolsillo.com\/index.php\/wp-json\/wp\/v2\/product_cat?post=8032"},{"taxonomy":"product_tag","embeddable":true,"href":"https:\/\/libreriahistoriasdebolsillo.com\/index.php\/wp-json\/wp\/v2\/product_tag?post=8032"}],"curies":[{"name":"wp","href":"https:\/\/api.w.org\/{rel}","templated":true}]}}