{"id":8097,"date":"2026-02-17T15:05:44","date_gmt":"2026-02-17T21:05:44","guid":{"rendered":"https:\/\/libreriahistoriasdebolsillo.com\/?post_type=product&#038;p=8097"},"modified":"2026-03-21T13:57:48","modified_gmt":"2026-03-21T19:57:48","slug":"windy-city-2-jugando-fuerte","status":"publish","type":"product","link":"https:\/\/libreriahistoriasdebolsillo.com\/index.php\/producto\/windy-city-2-jugando-fuerte\/","title":{"rendered":"Windy City 2. Jugando fuerte"},"content":{"rendered":"<div class=\"justify\">\n<p><b>Un jugador de baloncesto con el ego subido, la mejor amiga de su hermana y una decisi\u00f3n terrible: fingir que son pareja para enga\u00f1ar a la prensa y al mundo. \u00bfQu\u00e9 puede salir mal? Llega la segunda parte de Mile High: el romance deportivo que ha enganchado a Booktok.<\/b><\/p>\n<\/div>\n<div class=\"justify\">\n<p><i>RYAN<\/i><\/p>\n<p>Soy el nuevo capit\u00e1n de los Devils, el equipo de la NBA de Chicago, y lo \u00faltimo que necesitaba este a\u00f1o era que Indy Ivers, la mejor amiga de mi hermana, se mudara a mi apartamento. Es desordenada, hist\u00e9rica y demasiado tentadora.<\/p>\n<p>Pero cuando el director del equipo expresa su desaprobaci\u00f3n por mi ascenso a capit\u00e1n, refiri\u00e9ndose a m\u00ed como un lobo solitario sin equilibrio entre la vida laboral y personal, no se me ocurre mejor manera de convencerle de lo contrario que fingir que salgo con mi simpatiqu\u00edsima compa\u00f1era de piso.<\/p>\n<p>Tener una novia falsa no ten\u00eda por qu\u00e9 ser complicado, pero tener a Indy bajo mi techo y en mi cama es complicado, sobre todo cuando quiere tambi\u00e9n la parte rom\u00e1ntica que yo nunca podr\u00eda darle.<\/p>\n<p><i>INDY<\/i><\/p>\n<p>Nunca imagin\u00e9 que vivir\u00eda con el hermano de mi mejor amiga, la superestrella de la NBA Ryan Shay. \u00bfM\u00e1s incre\u00edble a\u00fan? Me necesita para que act\u00fae como su novia, amant\u00edsima y cari\u00f1osa, que de repente lo ha convertido en un tipo simp\u00e1tico y accesible.<\/p>\n<p>Porque, bueno&#8230; no lo es. Es un obseso de su espacio personal y no conf\u00eda en los dem\u00e1s.<\/p>\n<p>Pero nuestro acuerdo no es unilateral. Tengo una boda dentro de poco, a la que asistir\u00e1n todos mis amigos de la infancia, incluido mi exnovio, y no hay mejor venganza que ir acompa\u00f1ada del h\u00e9roe de mi ex.<\/p>\n<p>Sin embargo, a veces se me hace imposible separar lo real de lo falso. Enamorarme de mi compa\u00f1ero de piso nunca form\u00f3 parte del trato, sobre todo cuando Ryan no hace m\u00e1s que recordarme que no cree en el amor.<\/p>\n<\/div>\n","protected":false},"excerpt":{"rendered":"<p>Liz Tomforde<br \/>\n464 p\u00e1ginas<\/p>\n","protected":false},"featured_media":8098,"template":"","meta":{"_joinchat":[]},"product_brand":[],"product_cat":[70,35],"product_tag":[34],"class_list":{"0":"post-8097","1":"product","2":"type-product","3":"status-publish","4":"has-post-thumbnail","6":"product_cat-novedades","7":"product_cat-romantica","8":"product_tag-penguin-random-house","10":"first","11":"instock","12":"shipping-taxable","13":"purchasable","14":"product-type-simple"},"_links":{"self":[{"href":"https:\/\/libreriahistoriasdebolsillo.com\/index.php\/wp-json\/wp\/v2\/product\/8097","targetHints":{"allow":["GET"]}}],"collection":[{"href":"https:\/\/libreriahistoriasdebolsillo.com\/index.php\/wp-json\/wp\/v2\/product"}],"about":[{"href":"https:\/\/libreriahistoriasdebolsillo.com\/index.php\/wp-json\/wp\/v2\/types\/product"}],"wp:featuredmedia":[{"embeddable":true,"href":"https:\/\/libreriahistoriasdebolsillo.com\/index.php\/wp-json\/wp\/v2\/media\/8098"}],"wp:attachment":[{"href":"https:\/\/libreriahistoriasdebolsillo.com\/index.php\/wp-json\/wp\/v2\/media?parent=8097"}],"wp:term":[{"taxonomy":"product_brand","embeddable":true,"href":"https:\/\/libreriahistoriasdebolsillo.com\/index.php\/wp-json\/wp\/v2\/product_brand?post=8097"},{"taxonomy":"product_cat","embeddable":true,"href":"https:\/\/libreriahistoriasdebolsillo.com\/index.php\/wp-json\/wp\/v2\/product_cat?post=8097"},{"taxonomy":"product_tag","embeddable":true,"href":"https:\/\/libreriahistoriasdebolsillo.com\/index.php\/wp-json\/wp\/v2\/product_tag?post=8097"}],"curies":[{"name":"wp","href":"https:\/\/api.w.org\/{rel}","templated":true}]}}