{"id":8113,"date":"2026-02-17T15:27:29","date_gmt":"2026-02-17T21:27:29","guid":{"rendered":"https:\/\/libreriahistoriasdebolsillo.com\/?post_type=product&#038;p=8113"},"modified":"2026-02-24T15:40:22","modified_gmt":"2026-02-24T21:40:22","slug":"minnesota","status":"publish","type":"product","link":"https:\/\/libreriahistoriasdebolsillo.com\/index.php\/producto\/minnesota\/","title":{"rendered":"Minnesota"},"content":{"rendered":"<div class=\"justify\">\n<p><b>VUELVE JO NESB\u00d8, AUTOR GALARDONADO CON EL PREMIO CARVALHO, CON UNA NOVELA NEGRA AMBIENTADA EN EL FR\u00cdO CORAZ\u00d3N DE ESTADOS UNIDOS<\/b><\/p>\n<p><b>60 MILLONES DE LECTORES. TRADUCIDO A 51 IDIOMAS<\/b><\/p>\n<p>\u00abDeber\u00edamos coronar a Nesb\u00f8 rey de todos los escritores de novela negra\u00bb.<br \/>\n<i><b>Sunday Express<\/b><\/i><\/p>\n<\/div>\n<div class=\"justify\">\n<p><b>Mine\u00e1polis, 2016.<\/b>\u00a0Un delincuente habitual, sospechoso de traficar con armas, es v\u00edctima de un tiroteo en plena calle. Todas las pistas conducen a Tomas Gomez, un hombre tranquilo de pasado misterioso (y relacionado con una importante banda) que parece haberse esfumado. Adem\u00e1s, se van a cometer m\u00e1s asesinatos\u2026 Es como si Gomez no pudiera parar de matar. Mientras tanto, Bob Oz, un detective suspendido del servicio y con alguna que otra mancha en su historial, queda fascinado por el caso. Se obsesiona con la idea de dar caza a un asesino en serie al que solo \u00e9l logra comprender y no se detendr\u00e1 ante nada, desobedeciendo a sus superiores: busca a un verdugo que quiz\u00e1 cargue con un pasado tan tr\u00e1gico como el suyo.<\/p>\n<p><b>Mine\u00e1polis, 2022.\u00a0<\/b>Un hombre enigm\u00e1tico llega desde Europa. Le unen viejos lazos con el estado de Minnesota, un lugar de fuerte tradici\u00f3n migratoria noruega. Se presenta como un autor de true crime, y su visita se debe a que est\u00e1 document\u00e1ndose sobre el caso Gomez, ya que quiere escribir un libro sobre \u00e9l. Sin embargo, a medida que la investigaci\u00f3n avanza, su posici\u00f3n neutral inicial se ir\u00e1 complicando hasta l\u00edmites insospechados.<\/p>\n<\/div>\n","protected":false},"excerpt":{"rendered":"<p>Jo Nesbo<br \/>\n376 p\u00e1ginas<\/p>\n","protected":false},"featured_media":8114,"template":"","meta":{"_joinchat":[]},"product_brand":[],"product_cat":[37,70],"product_tag":[34],"class_list":{"0":"post-8113","1":"product","2":"type-product","3":"status-publish","4":"has-post-thumbnail","6":"product_cat-misterio-y-thriller","7":"product_cat-novedades","8":"product_tag-penguin-random-house","10":"first","11":"instock","12":"shipping-taxable","13":"purchasable","14":"product-type-simple"},"_links":{"self":[{"href":"https:\/\/libreriahistoriasdebolsillo.com\/index.php\/wp-json\/wp\/v2\/product\/8113","targetHints":{"allow":["GET"]}}],"collection":[{"href":"https:\/\/libreriahistoriasdebolsillo.com\/index.php\/wp-json\/wp\/v2\/product"}],"about":[{"href":"https:\/\/libreriahistoriasdebolsillo.com\/index.php\/wp-json\/wp\/v2\/types\/product"}],"wp:featuredmedia":[{"embeddable":true,"href":"https:\/\/libreriahistoriasdebolsillo.com\/index.php\/wp-json\/wp\/v2\/media\/8114"}],"wp:attachment":[{"href":"https:\/\/libreriahistoriasdebolsillo.com\/index.php\/wp-json\/wp\/v2\/media?parent=8113"}],"wp:term":[{"taxonomy":"product_brand","embeddable":true,"href":"https:\/\/libreriahistoriasdebolsillo.com\/index.php\/wp-json\/wp\/v2\/product_brand?post=8113"},{"taxonomy":"product_cat","embeddable":true,"href":"https:\/\/libreriahistoriasdebolsillo.com\/index.php\/wp-json\/wp\/v2\/product_cat?post=8113"},{"taxonomy":"product_tag","embeddable":true,"href":"https:\/\/libreriahistoriasdebolsillo.com\/index.php\/wp-json\/wp\/v2\/product_tag?post=8113"}],"curies":[{"name":"wp","href":"https:\/\/api.w.org\/{rel}","templated":true}]}}