{"id":8162,"date":"2026-02-26T15:31:51","date_gmt":"2026-02-26T21:31:51","guid":{"rendered":"https:\/\/libreriahistoriasdebolsillo.com\/?post_type=product&#038;p=8162"},"modified":"2026-02-26T15:31:51","modified_gmt":"2026-02-26T21:31:51","slug":"la-sombra-del-fuego","status":"publish","type":"product","link":"https:\/\/libreriahistoriasdebolsillo.com\/index.php\/producto\/la-sombra-del-fuego\/","title":{"rendered":"La sombra del fuego"},"content":{"rendered":"<p>La leyenda cuenta que un drag\u00f3n arrasar\u00e1 con todo. El \u00faltimo acaba de despertar. Feiyu vive como cualquier adolescente entre clases interminables, cenas familiares y videojuegos. Nada en su rutina parece extraordinario, salvo por un detalle imposible de ignorar: es el \u00faltimo heredero del Tianlong, el drag\u00f3n celestial, y sobre sus hombros recae la fr\u00e1gil armon\u00eda entre el mundo humano y el m\u00e1gico. Cuando un grupo de cazadores inicia su persecuci\u00f3n para impedir que la profec\u00eda se cumpla, una marca surge en su rostro: la prueba de que el drag\u00f3n est\u00e1 despertando en su interior. Obligado a dejar atr\u00e1s la vida que conoce, Feiyu debe asumir su herencia y convertirse en el l\u00edder que ambos mundos reclaman. Pero entonces ella aparece y, por primera vez, \u00e9l se cuestiona si debe priorizar su vida o cumplir con su deber. Elegir entre el legado y el amor tensar\u00e1 los hilos del futuro&#8230; porque el destino, cuando se desaf\u00eda, jam\u00e1s perdona.<\/p>\n","protected":false},"excerpt":{"rendered":"<p>Alex Garc\u00eda<br \/>\n416 p\u00e1ginas<\/p>\n","protected":false},"featured_media":8163,"template":"","meta":{"_joinchat":[]},"product_brand":[],"product_cat":[39,38,75,70],"product_tag":[48],"class_list":{"0":"post-8162","1":"product","2":"type-product","3":"status-publish","4":"has-post-thumbnail","6":"product_cat-fantasia","7":"product_cat-lgbtq","8":"product_cat-mitologia","9":"product_cat-novedades","10":"product_tag-vr-editoras","12":"first","13":"instock","14":"shipping-taxable","15":"purchasable","16":"product-type-simple"},"_links":{"self":[{"href":"https:\/\/libreriahistoriasdebolsillo.com\/index.php\/wp-json\/wp\/v2\/product\/8162","targetHints":{"allow":["GET"]}}],"collection":[{"href":"https:\/\/libreriahistoriasdebolsillo.com\/index.php\/wp-json\/wp\/v2\/product"}],"about":[{"href":"https:\/\/libreriahistoriasdebolsillo.com\/index.php\/wp-json\/wp\/v2\/types\/product"}],"wp:featuredmedia":[{"embeddable":true,"href":"https:\/\/libreriahistoriasdebolsillo.com\/index.php\/wp-json\/wp\/v2\/media\/8163"}],"wp:attachment":[{"href":"https:\/\/libreriahistoriasdebolsillo.com\/index.php\/wp-json\/wp\/v2\/media?parent=8162"}],"wp:term":[{"taxonomy":"product_brand","embeddable":true,"href":"https:\/\/libreriahistoriasdebolsillo.com\/index.php\/wp-json\/wp\/v2\/product_brand?post=8162"},{"taxonomy":"product_cat","embeddable":true,"href":"https:\/\/libreriahistoriasdebolsillo.com\/index.php\/wp-json\/wp\/v2\/product_cat?post=8162"},{"taxonomy":"product_tag","embeddable":true,"href":"https:\/\/libreriahistoriasdebolsillo.com\/index.php\/wp-json\/wp\/v2\/product_tag?post=8162"}],"curies":[{"name":"wp","href":"https:\/\/api.w.org\/{rel}","templated":true}]}}