{"id":8166,"date":"2026-04-16T10:34:13","date_gmt":"2026-04-16T16:34:13","guid":{"rendered":"https:\/\/libreriahistoriasdebolsillo.com\/?post_type=product&#038;p=8166"},"modified":"2026-04-23T13:03:15","modified_gmt":"2026-04-23T19:03:15","slug":"meditaciones-edicion-especial-en-tapa-dura","status":"publish","type":"product","link":"https:\/\/libreriahistoriasdebolsillo.com\/index.php\/producto\/meditaciones-edicion-especial-en-tapa-dura\/","title":{"rendered":"Meditaciones (Edici\u00f3n especial en tapa dura)"},"content":{"rendered":"<div class=\"justify\">\n<p><b>Ideas que han cambiado el mundo.<\/b><\/p>\n<\/div>\n<div class=\"justify\">\n<p><b>Una de las obras m\u00e1s importantes de la filosof\u00eda estoica.<\/b><\/p>\n<p><b>Del emperador y fil\u00f3sofo romano Marco Aurelio.<\/b><\/p>\n<p><b>Taurus publica las obras de los grandes pensadores, pioneros, radicales y visionarios cuyas ideas sacudieron la civilizaci\u00f3n y nos impulsaron a ser quienes somos.<\/b><\/p>\n<p>Las\u00a0<i>Meditaciones<\/i>\u00a0del gran emperador-fil\u00f3sofo romano\u00a0<b>Marco Aurelio<\/b>\u00a0son sencillas aunque profundas obras de filosof\u00eda estoica que, a d\u00eda de hoy, contin\u00faan ofreciendo a muchos orientaci\u00f3n y consuelo con su elocuencia, sabidur\u00eda y humildad.<\/p>\n<p>A lo largo de la historia, algunos libros han cambiado el mundo. Han transformado la manera en que nos vemos a nosotros mismos y a los dem\u00e1s. Han inspirado el debate, la discordia, la guerra y la revoluci\u00f3n. Han iluminado, indignado, provocado y consolado. Han enriquecido vidas, y tambi\u00e9n las han destruido.<\/p>\n<\/div>\n","protected":false},"excerpt":{"rendered":"<p>Marco Aurelio<\/p>\n","protected":false},"featured_media":8167,"template":"","meta":{"_joinchat":[]},"product_brand":[],"product_cat":[42],"product_tag":[34],"class_list":{"0":"post-8166","1":"product","2":"type-product","3":"status-publish","4":"has-post-thumbnail","6":"product_cat-literatura-clasica","7":"product_tag-penguin-random-house","9":"first","10":"instock","11":"shipping-taxable","12":"purchasable","13":"product-type-simple"},"_links":{"self":[{"href":"https:\/\/libreriahistoriasdebolsillo.com\/index.php\/wp-json\/wp\/v2\/product\/8166","targetHints":{"allow":["GET"]}}],"collection":[{"href":"https:\/\/libreriahistoriasdebolsillo.com\/index.php\/wp-json\/wp\/v2\/product"}],"about":[{"href":"https:\/\/libreriahistoriasdebolsillo.com\/index.php\/wp-json\/wp\/v2\/types\/product"}],"wp:featuredmedia":[{"embeddable":true,"href":"https:\/\/libreriahistoriasdebolsillo.com\/index.php\/wp-json\/wp\/v2\/media\/8167"}],"wp:attachment":[{"href":"https:\/\/libreriahistoriasdebolsillo.com\/index.php\/wp-json\/wp\/v2\/media?parent=8166"}],"wp:term":[{"taxonomy":"product_brand","embeddable":true,"href":"https:\/\/libreriahistoriasdebolsillo.com\/index.php\/wp-json\/wp\/v2\/product_brand?post=8166"},{"taxonomy":"product_cat","embeddable":true,"href":"https:\/\/libreriahistoriasdebolsillo.com\/index.php\/wp-json\/wp\/v2\/product_cat?post=8166"},{"taxonomy":"product_tag","embeddable":true,"href":"https:\/\/libreriahistoriasdebolsillo.com\/index.php\/wp-json\/wp\/v2\/product_tag?post=8166"}],"curies":[{"name":"wp","href":"https:\/\/api.w.org\/{rel}","templated":true}]}}