{"id":8182,"date":"2026-04-16T11:15:47","date_gmt":"2026-04-16T17:15:47","guid":{"rendered":"https:\/\/libreriahistoriasdebolsillo.com\/?post_type=product&#038;p=8182"},"modified":"2026-04-16T11:15:47","modified_gmt":"2026-04-16T17:15:47","slug":"no-es-flojera-estoy-en-modo-ahorro-de-energia","status":"publish","type":"product","link":"https:\/\/libreriahistoriasdebolsillo.com\/index.php\/producto\/no-es-flojera-estoy-en-modo-ahorro-de-energia\/","title":{"rendered":"No es flojera, estoy en modo ahorro de energ\u00eda"},"content":{"rendered":"<div class=\"justify\">\n<p><b>\u00a1El \u00e9xito de no ficci\u00f3n que conquist\u00f3 Corea!<\/b><\/p>\n<p><b>\u201cCuando descansamos, tenemos que hacerlo sin culpa;<\/b>\u00a0<b>solo as\u00ed podremos recuperar energ\u00edas para el d\u00eda siguiente.\u201d<\/b><\/p>\n<p><b>Tirado en el piso mientras revisas el celular; arropado en la cama para echarte la segunda siesta del d\u00eda; desparramado en el sof\u00e1 para ver la tele.<\/b>\u00a0<b>No eres flojo, est\u00e1s en modo ahorro de energ\u00eda.<\/b><\/p>\n<\/div>\n<div class=\"justify\">\n<p>En un mundo obsesionado con el trabajo y la productividad,\u00a0<i><b>No es flojera, estoy en modo ahorro de energ\u00eda<\/b><\/i>\u00a0resalta c\u00f3mo descansar y \u201cno hacer nada\u201d no deber\u00eda verse como una debilidad ni un defecto de car\u00e1cter, sino como\u00a0<b>un proceso importante de recarga<\/b>.<\/p>\n<p>Despu\u00e9s de a\u00f1os de luchar contra la depresi\u00f3n y el letargo,\u00a0<b>la autora e ilustradora<\/b>\u00a0<b>Dancing<\/b>\u00a0<b>Snail<\/b>\u00a0descubri\u00f3 la importancia de ser compasivos con nosotros mismos y cuidar nuestra mente cuando nos\u00a0<b>sentimos mal<\/b>. En esos d\u00edas en que no te sientes motivado, pasas por un bache o simplemente no tienes ganas de hacer nada, este libro te ofrece palabras\u00a0<b>reconfortantes sobre la soledad<\/b>, la vida adulta, los pensamientos excesivos y m\u00e1s. Escrito en cap\u00edtulos breves con ilustraciones encantadoras,\u00a0<i><b>No es flojera, estoy en modo ahorro de energ\u00eda<\/b><\/i>\u00a0te da permiso absoluto para tomarte el descanso que no crees merecer.<\/p>\n<\/div>\n","protected":false},"excerpt":{"rendered":"<p>DANCING SNAIL<br \/>\n200 p\u00e1ginas<\/p>\n","protected":false},"featured_media":8183,"template":"","meta":{"_joinchat":[]},"product_brand":[],"product_cat":[58,41,70],"product_tag":[34],"class_list":{"0":"post-8182","1":"product","2":"type-product","3":"status-publish","4":"has-post-thumbnail","6":"product_cat-desarrollo-humano-y-superacion","7":"product_cat-desarrollo-humano","8":"product_cat-novedades","9":"product_tag-penguin-random-house","11":"first","12":"instock","13":"shipping-taxable","14":"purchasable","15":"product-type-simple"},"_links":{"self":[{"href":"https:\/\/libreriahistoriasdebolsillo.com\/index.php\/wp-json\/wp\/v2\/product\/8182","targetHints":{"allow":["GET"]}}],"collection":[{"href":"https:\/\/libreriahistoriasdebolsillo.com\/index.php\/wp-json\/wp\/v2\/product"}],"about":[{"href":"https:\/\/libreriahistoriasdebolsillo.com\/index.php\/wp-json\/wp\/v2\/types\/product"}],"wp:featuredmedia":[{"embeddable":true,"href":"https:\/\/libreriahistoriasdebolsillo.com\/index.php\/wp-json\/wp\/v2\/media\/8183"}],"wp:attachment":[{"href":"https:\/\/libreriahistoriasdebolsillo.com\/index.php\/wp-json\/wp\/v2\/media?parent=8182"}],"wp:term":[{"taxonomy":"product_brand","embeddable":true,"href":"https:\/\/libreriahistoriasdebolsillo.com\/index.php\/wp-json\/wp\/v2\/product_brand?post=8182"},{"taxonomy":"product_cat","embeddable":true,"href":"https:\/\/libreriahistoriasdebolsillo.com\/index.php\/wp-json\/wp\/v2\/product_cat?post=8182"},{"taxonomy":"product_tag","embeddable":true,"href":"https:\/\/libreriahistoriasdebolsillo.com\/index.php\/wp-json\/wp\/v2\/product_tag?post=8182"}],"curies":[{"name":"wp","href":"https:\/\/api.w.org\/{rel}","templated":true}]}}