{"id":8197,"date":"2026-04-16T11:54:05","date_gmt":"2026-04-16T17:54:05","guid":{"rendered":"https:\/\/libreriahistoriasdebolsillo.com\/?post_type=product&#038;p=8197"},"modified":"2026-04-16T16:46:59","modified_gmt":"2026-04-16T22:46:59","slug":"adentrate-en-la-oscuridad-2-de-rodillas","status":"publish","type":"product","link":"https:\/\/libreriahistoriasdebolsillo.com\/index.php\/producto\/adentrate-en-la-oscuridad-2-de-rodillas\/","title":{"rendered":"Ad\u00e9ntrate en la oscuridad 2. De rodillas"},"content":{"rendered":"<div class=\"justify\">\n<p><b>Despu\u00e9s del \u00e9xito de\u00a0<i>A oscuras<\/i>, la comedia rom\u00e1ntica que ha conquistado a miles de lectores, Navessa Allen regresa con una historia todav\u00eda m\u00e1s picante y adictiva entre un misterioso motorista y la mujer que lo pondr\u00e1 de rodillas.<\/b><\/p>\n<\/div>\n<div class=\"justify\">\n<p>Nico \u00abJunior\u00bb Trocci sabe perfectamente que Lauren Marchetti es terreno prohibido. A los hombres como \u00e9l no se les permite estar con mujeres as\u00ed, y por eso se alej\u00f3 de ella durante el instituto y ha mantenido las distancias desde entonces.<\/p>\n<p>Sin embargo, cuando encuentra a Lauren online, descubre que la chica t\u00edmida y estudiosa que \u00e9l recordaba ya no existe: se ha convertido en una mujer preciosa con una plataforma llena de im\u00e1genes provocativas y una misteriosa conexi\u00f3n con un club nocturno.<\/p>\n<p>Lauren est\u00e1 intrigada por el misterioso desconocido con el que habla a trav\u00e9s de sus redes, pero conforme los mensajes que intercambian pasan de divertidos a algo m\u00e1s profundo, comienza a preocuparse de sentir algo muy real por ese hombre\u2026<\/p>\n<p>Y, cuando lo que sienten Junior y Lauren llegue al punto de ebullici\u00f3n, \u00bfqui\u00e9n pondr\u00e1 de rodillas a qui\u00e9n?<\/p>\n<\/div>\n","protected":false},"excerpt":{"rendered":"<p>Navessa Allen<br \/>\n368 p\u00e1ginas<\/p>\n","protected":false},"featured_media":8198,"template":"","meta":{"_joinchat":[]},"product_brand":[],"product_cat":[63,70,35],"product_tag":[34],"class_list":{"0":"post-8197","1":"product","2":"type-product","3":"status-publish","4":"has-post-thumbnail","6":"product_cat-dark-romance","7":"product_cat-novedades","8":"product_cat-romantica","9":"product_tag-penguin-random-house","11":"first","12":"instock","13":"shipping-taxable","14":"purchasable","15":"product-type-simple"},"_links":{"self":[{"href":"https:\/\/libreriahistoriasdebolsillo.com\/index.php\/wp-json\/wp\/v2\/product\/8197","targetHints":{"allow":["GET"]}}],"collection":[{"href":"https:\/\/libreriahistoriasdebolsillo.com\/index.php\/wp-json\/wp\/v2\/product"}],"about":[{"href":"https:\/\/libreriahistoriasdebolsillo.com\/index.php\/wp-json\/wp\/v2\/types\/product"}],"wp:featuredmedia":[{"embeddable":true,"href":"https:\/\/libreriahistoriasdebolsillo.com\/index.php\/wp-json\/wp\/v2\/media\/8198"}],"wp:attachment":[{"href":"https:\/\/libreriahistoriasdebolsillo.com\/index.php\/wp-json\/wp\/v2\/media?parent=8197"}],"wp:term":[{"taxonomy":"product_brand","embeddable":true,"href":"https:\/\/libreriahistoriasdebolsillo.com\/index.php\/wp-json\/wp\/v2\/product_brand?post=8197"},{"taxonomy":"product_cat","embeddable":true,"href":"https:\/\/libreriahistoriasdebolsillo.com\/index.php\/wp-json\/wp\/v2\/product_cat?post=8197"},{"taxonomy":"product_tag","embeddable":true,"href":"https:\/\/libreriahistoriasdebolsillo.com\/index.php\/wp-json\/wp\/v2\/product_tag?post=8197"}],"curies":[{"name":"wp","href":"https:\/\/api.w.org\/{rel}","templated":true}]}}