{"id":8238,"date":"2026-04-20T17:14:57","date_gmt":"2026-04-20T23:14:57","guid":{"rendered":"https:\/\/libreriahistoriasdebolsillo.com\/?post_type=product&#038;p=8238"},"modified":"2026-04-20T17:14:57","modified_gmt":"2026-04-20T23:14:57","slug":"la-casa-de-los-girasoles","status":"publish","type":"product","link":"https:\/\/libreriahistoriasdebolsillo.com\/index.php\/producto\/la-casa-de-los-girasoles\/","title":{"rendered":"La casa de los girasoles"},"content":{"rendered":"<p>Allina Strauss parece tener una vida id\u00edlica en un pueblo alem\u00e1n: trabaja en la librer\u00eda de su t\u00edo, hace strudel con su t\u00eda y pasa los fines de semana con sus amigos y su prometido. Pero es 1939, Adolf Hitler es canciller y la familia de Allina esconde un terrible secreto: su madre biol\u00f3gica era jud\u00eda, lo que la convierte en una mischlinge, es decir, una mestiza seg\u00fan las Leyes de N\u00faremberg. Una fat\u00eddica noche, tras perder a todos sus seres queridos, Allina se ve obligada a trabajar como enfermera en una f\u00e1brica de beb\u00e9s estatal llamada Hochland Home. All\u00ed es testigo y part\u00edcipe de los horrores del despiadado programa eugen\u00e9sico de Heinrich Himmler: las mujeres de sangre pura permanecen en los hogares Lebensborn con el \u00fanico prop\u00f3sito de perpetuar la poblaci\u00f3n aria, dando a luz a miles de beb\u00e9s que son adoptados por buenas familias nazis. Allina debe mantener en secreto su identidad jud\u00eda para sobrevivir, pero en el momento en que descubre el abandono que se produce en el hogar, decide no solo salvarse a s\u00ed misma, sino tambi\u00e9n a los ni\u00f1os a su cargo. Y cuando conoce a Karl, un oficial de alto rango de las SS con sus propios secretos, ambos deben decidir cu\u00e1nto est\u00e1n dispuestos a compartir el uno con el otro. La casa de los girasoles es una novela debut meticulosamente documentada sobre la Alemania nazi. Los hilos de esta conmovedora y desgarradora historia tejen una trama sobre la p\u00e9rdida, el amor, la amistad, la traici\u00f3n y los secretos que enterramos para salvar a los dem\u00e1s&#8230; y a nosotros mismos.<\/p>\n","protected":false},"excerpt":{"rendered":"<p>Adriana Allegri<br \/>\n432 p\u00e1ginas<\/p>\n","protected":false},"featured_media":8239,"template":"","meta":{"_joinchat":[]},"product_brand":[],"product_cat":[78,33,70],"product_tag":[48],"class_list":{"0":"post-8238","1":"product","2":"type-product","3":"status-publish","4":"has-post-thumbnail","6":"product_cat-contemporanea","7":"product_cat-ficcion-general","8":"product_cat-novedades","9":"product_tag-vr-editoras","11":"first","12":"instock","13":"shipping-taxable","14":"purchasable","15":"product-type-simple"},"_links":{"self":[{"href":"https:\/\/libreriahistoriasdebolsillo.com\/index.php\/wp-json\/wp\/v2\/product\/8238","targetHints":{"allow":["GET"]}}],"collection":[{"href":"https:\/\/libreriahistoriasdebolsillo.com\/index.php\/wp-json\/wp\/v2\/product"}],"about":[{"href":"https:\/\/libreriahistoriasdebolsillo.com\/index.php\/wp-json\/wp\/v2\/types\/product"}],"wp:featuredmedia":[{"embeddable":true,"href":"https:\/\/libreriahistoriasdebolsillo.com\/index.php\/wp-json\/wp\/v2\/media\/8239"}],"wp:attachment":[{"href":"https:\/\/libreriahistoriasdebolsillo.com\/index.php\/wp-json\/wp\/v2\/media?parent=8238"}],"wp:term":[{"taxonomy":"product_brand","embeddable":true,"href":"https:\/\/libreriahistoriasdebolsillo.com\/index.php\/wp-json\/wp\/v2\/product_brand?post=8238"},{"taxonomy":"product_cat","embeddable":true,"href":"https:\/\/libreriahistoriasdebolsillo.com\/index.php\/wp-json\/wp\/v2\/product_cat?post=8238"},{"taxonomy":"product_tag","embeddable":true,"href":"https:\/\/libreriahistoriasdebolsillo.com\/index.php\/wp-json\/wp\/v2\/product_tag?post=8238"}],"curies":[{"name":"wp","href":"https:\/\/api.w.org\/{rel}","templated":true}]}}