{"id":8268,"date":"2026-05-05T11:17:26","date_gmt":"2026-05-05T17:17:26","guid":{"rendered":"https:\/\/libreriahistoriasdebolsillo.com\/?post_type=product&#038;p=8268"},"modified":"2026-05-13T15:21:48","modified_gmt":"2026-05-13T21:21:48","slug":"ve-y-pon-un-centinela","status":"publish","type":"product","link":"https:\/\/libreriahistoriasdebolsillo.com\/index.php\/producto\/ve-y-pon-un-centinela\/","title":{"rendered":"Ve y pon un centinela"},"content":{"rendered":"<div class=\"justify\">\n<p><b>La primera novela de Harper Lee, secuela de la ic\u00f3nica\u00a0<i>Matar un ruise\u00f1or<\/i><\/b><\/p>\n<p>\u00abDivertida, intratable, iconoclasta [&#8230;], tan exasperante y cautivadora como siempre\u00bb.<\/p>\n<p><i><b>The Chicago Tribune<\/b><\/i><\/p>\n<p>\u00abUna Harper Lee m\u00e1s realista, pol\u00edtica, combativa, directa, contundente, feminista, audaz y arriesgada\u00bb.<\/p>\n<p><i><b>El Pa\u00eds<\/b><\/i><\/p>\n<\/div>\n<div class=\"justify\">\n<p>Jean Louise Finch vuelve a Maycomb, Alabama, para visitar a su anciano padre, Atticus. Ya no es la peque\u00f1a Scout, sino una joven de veintis\u00e9is a\u00f1os que vive en Nueva York, ajena a las tensiones provocadas por el movimiento por los derechos civiles de la poblaci\u00f3n afroamericana y la agitaci\u00f3n pol\u00edtica que est\u00e1n transformando los estados del sur. Pero su regreso al hogar se torna agridulce cuando descubre la inquietante verdad sobre su familia, su pueblo y sus seres m\u00e1s queridos. A medida que los recuerdos de su infancia se agolpan en su memoria, sus valores y creencias empiezan a tambalearse.<\/p>\n<p>Escrita unos a\u00f1os antes que<i>\u00a0Matar a un ruise\u00f1or<\/i>,<i>\u00a0Ve y pon un centinela<\/i>\u00a0re\u00fane a muchos de los emblem\u00e1ticos personajes de aquella obra maestra y retrata con brillantez a una mujer y un mundo en dolorosa pero necesaria transici\u00f3n para tratar de escapar de las ilusiones del pasado. Con su caracter\u00edstica humanidad, pasi\u00f3n, humor y precisi\u00f3n, esta novela arroja una nueva y valiosa luz sobre una de las escritoras m\u00e1s brillantes y complejas de nuestro tiempo.<\/p>\n<\/div>\n","protected":false},"excerpt":{"rendered":"<p>Harper Lee<br \/>\n296 p\u00e1ginas<\/p>\n","protected":false},"featured_media":8269,"template":"","meta":{"_joinchat":[]},"product_brand":[],"product_cat":[78,70],"product_tag":[34],"class_list":{"0":"post-8268","1":"product","2":"type-product","3":"status-publish","4":"has-post-thumbnail","6":"product_cat-contemporanea","7":"product_cat-novedades","8":"product_tag-penguin-random-house","10":"first","11":"instock","12":"shipping-taxable","13":"purchasable","14":"product-type-simple"},"_links":{"self":[{"href":"https:\/\/libreriahistoriasdebolsillo.com\/index.php\/wp-json\/wp\/v2\/product\/8268","targetHints":{"allow":["GET"]}}],"collection":[{"href":"https:\/\/libreriahistoriasdebolsillo.com\/index.php\/wp-json\/wp\/v2\/product"}],"about":[{"href":"https:\/\/libreriahistoriasdebolsillo.com\/index.php\/wp-json\/wp\/v2\/types\/product"}],"wp:featuredmedia":[{"embeddable":true,"href":"https:\/\/libreriahistoriasdebolsillo.com\/index.php\/wp-json\/wp\/v2\/media\/8269"}],"wp:attachment":[{"href":"https:\/\/libreriahistoriasdebolsillo.com\/index.php\/wp-json\/wp\/v2\/media?parent=8268"}],"wp:term":[{"taxonomy":"product_brand","embeddable":true,"href":"https:\/\/libreriahistoriasdebolsillo.com\/index.php\/wp-json\/wp\/v2\/product_brand?post=8268"},{"taxonomy":"product_cat","embeddable":true,"href":"https:\/\/libreriahistoriasdebolsillo.com\/index.php\/wp-json\/wp\/v2\/product_cat?post=8268"},{"taxonomy":"product_tag","embeddable":true,"href":"https:\/\/libreriahistoriasdebolsillo.com\/index.php\/wp-json\/wp\/v2\/product_tag?post=8268"}],"curies":[{"name":"wp","href":"https:\/\/api.w.org\/{rel}","templated":true}]}}