{"id":8274,"date":"2026-05-05T11:26:22","date_gmt":"2026-05-05T17:26:22","guid":{"rendered":"https:\/\/libreriahistoriasdebolsillo.com\/?post_type=product&#038;p=8274"},"modified":"2026-05-05T11:26:22","modified_gmt":"2026-05-05T17:26:22","slug":"windy-city-4-siguiendo-el-juego","status":"publish","type":"product","link":"https:\/\/libreriahistoriasdebolsillo.com\/index.php\/producto\/windy-city-4-siguiendo-el-juego\/","title":{"rendered":"Windy city 4. Siguiendo el juego"},"content":{"rendered":"<div class=\"justify\">\n<p><b>Vuelven los deportistas de Chicago y la saga de sports romance NA m\u00e1s exitosa de TikTok: La Ciudad de los Vientos. Una noche loca en Las Vegas puede cambiarlo todo&#8230;<\/b><\/p>\n<\/div>\n<div class=\"justify\">\n<p><b>Kennedy<\/b><\/p>\n<p>Soy la \u00fanica mujer de la plantilla de los Windy City Warriors, y despu\u00e9s de lidiar durante a\u00f1os con el machista de mi jefe, tengo much\u00edsimas ganas de que llegue el a\u00f1o que viene para estar en el puesto en el que siempre he so\u00f1ado con un equipo nuevo. Lo \u00fanico que debo hacer es mantener mi reputaci\u00f3n profesional durante mi \u00faltima temporada en Chicago.<\/p>\n<p>Pero un encuentro en Las Vegas con el jugador estrella del equipo lo amenaza todo, dej\u00e1ndome con el difuso recuerdo de un anillo en mi mano izquierda.<\/p>\n<p>Ahora no solo estoy legalmente unida al hombre m\u00e1s persistente que he conocido en la vida, sino que tengo que fingir que todo fue una escapada planeada y no un error cometido por culpa del alcohol.<\/p>\n<p>Isaiah es temerario, impulsivo y frustrantemente encantador. Tambi\u00e9n es mi flamante nuevo marido.<\/p>\n<p><b>Isaiah<\/b><\/p>\n<p>Como jugador del equipo profesional de b\u00e9isbol de Chicago, no me han faltado las citas. Pero todo eso acab\u00f3 el d\u00eda en que Kennedy Kay se convirti\u00f3 para m\u00ed en la \u00fanica mujer.<\/p>\n<p>Durante a\u00f1os he estado colgado de ella. He intentado lig\u00e1rmela sin el menor resultado, as\u00ed que qu\u00e9 mejor sorpresa que despertarme en Las Vegas con un anillo en el dedo y mi pelirroja favorita en la cama.<\/p>\n<p>Llegamos al acuerdo de seguir casados durante una temporada de b\u00e9isbol, lo justo para que ella pueda conservar su trabajo, pero para mis adentros estoy aprovechando el tiempo que pasamos juntos para demostrarle que puedo ser un buen marido.<\/p>\n<p>Kennedy tal vez sea reacia a seguir con este plan, pero yo no me doy por vencido.<\/p>\n<p>Venga, esposa m\u00eda, s\u00edgueme el juego.<\/p>\n<\/div>\n","protected":false},"excerpt":{"rendered":"<p>Liz Tomforde<br \/>\n424 p\u00e1ginas<\/p>\n","protected":false},"featured_media":8275,"template":"","meta":{"_joinchat":[]},"product_brand":[],"product_cat":[70,83],"product_tag":[34],"class_list":{"0":"post-8274","1":"product","2":"type-product","3":"status-publish","4":"has-post-thumbnail","6":"product_cat-novedades","7":"product_cat-sports-romance","8":"product_tag-penguin-random-house","10":"first","11":"outofstock","12":"shipping-taxable","13":"purchasable","14":"product-type-simple"},"_links":{"self":[{"href":"https:\/\/libreriahistoriasdebolsillo.com\/index.php\/wp-json\/wp\/v2\/product\/8274","targetHints":{"allow":["GET"]}}],"collection":[{"href":"https:\/\/libreriahistoriasdebolsillo.com\/index.php\/wp-json\/wp\/v2\/product"}],"about":[{"href":"https:\/\/libreriahistoriasdebolsillo.com\/index.php\/wp-json\/wp\/v2\/types\/product"}],"wp:featuredmedia":[{"embeddable":true,"href":"https:\/\/libreriahistoriasdebolsillo.com\/index.php\/wp-json\/wp\/v2\/media\/8275"}],"wp:attachment":[{"href":"https:\/\/libreriahistoriasdebolsillo.com\/index.php\/wp-json\/wp\/v2\/media?parent=8274"}],"wp:term":[{"taxonomy":"product_brand","embeddable":true,"href":"https:\/\/libreriahistoriasdebolsillo.com\/index.php\/wp-json\/wp\/v2\/product_brand?post=8274"},{"taxonomy":"product_cat","embeddable":true,"href":"https:\/\/libreriahistoriasdebolsillo.com\/index.php\/wp-json\/wp\/v2\/product_cat?post=8274"},{"taxonomy":"product_tag","embeddable":true,"href":"https:\/\/libreriahistoriasdebolsillo.com\/index.php\/wp-json\/wp\/v2\/product_tag?post=8274"}],"curies":[{"name":"wp","href":"https:\/\/api.w.org\/{rel}","templated":true}]}}