{"id":8294,"date":"2026-05-08T10:24:31","date_gmt":"2026-05-08T16:24:31","guid":{"rendered":"https:\/\/libreriahistoriasdebolsillo.com\/?post_type=product&#038;p=8294"},"modified":"2026-05-11T11:32:36","modified_gmt":"2026-05-11T17:32:36","slug":"la-mascara-torcida","status":"publish","type":"product","link":"https:\/\/libreriahistoriasdebolsillo.com\/index.php\/producto\/la-mascara-torcida\/","title":{"rendered":"La m\u00e1scara torcida"},"content":{"rendered":"<p>La historia de Martha contin\u00faa en el Circo del Mito y el Caos, donde los artistas representan historias de los dioses n\u00f3rdicos con m\u00e1scaras que cambian misteriosamente de expresi\u00f3n, el espeluznante buf\u00f3n no es del todo humano y la carpa est\u00e1 llena de muertos. Martha llega al circo, en lo m\u00e1s profundo de los bosques del norte de Noruega, decidida a averiguar c\u00f3mo muri\u00f3 Nina, \u00bfse cay\u00f3 del trapecio como dijo Stig? \u00bfen verdad fue un accidente? Atra\u00edda por un peligroso juego de dioses, Martha debe mirar detr\u00e1s de la m\u00e1scara y descubrir la verdad&#8230; antes de que sea demasiado tarde. Cuando un viejo amigo aparece en el circo, Martha se ve inmersa en un torbellino. \u00bfEst\u00e1 all\u00ed porque la echa de menos o porque quiere impedir que descubra la verdad?<\/p>\n","protected":false},"excerpt":{"rendered":"<p>Rachel Burge<br \/>\n208 p\u00e1ginas<\/p>\n","protected":false},"featured_media":8295,"template":"","meta":{"_joinchat":[]},"product_brand":[],"product_cat":[36],"product_tag":[81],"class_list":{"0":"post-8294","1":"product","2":"type-product","3":"status-publish","4":"has-post-thumbnail","6":"product_cat-terror-y-paranormal","7":"product_tag-trillas","9":"first","10":"instock","11":"shipping-taxable","12":"purchasable","13":"product-type-simple"},"_links":{"self":[{"href":"https:\/\/libreriahistoriasdebolsillo.com\/index.php\/wp-json\/wp\/v2\/product\/8294","targetHints":{"allow":["GET"]}}],"collection":[{"href":"https:\/\/libreriahistoriasdebolsillo.com\/index.php\/wp-json\/wp\/v2\/product"}],"about":[{"href":"https:\/\/libreriahistoriasdebolsillo.com\/index.php\/wp-json\/wp\/v2\/types\/product"}],"wp:featuredmedia":[{"embeddable":true,"href":"https:\/\/libreriahistoriasdebolsillo.com\/index.php\/wp-json\/wp\/v2\/media\/8295"}],"wp:attachment":[{"href":"https:\/\/libreriahistoriasdebolsillo.com\/index.php\/wp-json\/wp\/v2\/media?parent=8294"}],"wp:term":[{"taxonomy":"product_brand","embeddable":true,"href":"https:\/\/libreriahistoriasdebolsillo.com\/index.php\/wp-json\/wp\/v2\/product_brand?post=8294"},{"taxonomy":"product_cat","embeddable":true,"href":"https:\/\/libreriahistoriasdebolsillo.com\/index.php\/wp-json\/wp\/v2\/product_cat?post=8294"},{"taxonomy":"product_tag","embeddable":true,"href":"https:\/\/libreriahistoriasdebolsillo.com\/index.php\/wp-json\/wp\/v2\/product_tag?post=8294"}],"curies":[{"name":"wp","href":"https:\/\/api.w.org\/{rel}","templated":true}]}}