{"id":830,"date":"2023-11-20T17:55:35","date_gmt":"2023-11-20T23:55:35","guid":{"rendered":"https:\/\/libreriahistoriasdebolsillo.com\/?post_type=product&#038;p=830"},"modified":"2026-02-14T17:45:53","modified_gmt":"2026-02-14T23:45:53","slug":"despues-de-el-boulevard-2","status":"publish","type":"product","link":"https:\/\/libreriahistoriasdebolsillo.com\/index.php\/producto\/despues-de-el-boulevard-2\/","title":{"rendered":"Boulevard 2. Despu\u00e9s de \u00e9l"},"content":{"rendered":"<p><span class=\"a-text-bold\">Llega la continuaci\u00f3n del fenomeno YA por excelencia, por primera vez en fisico.<\/span><\/p>\n<p>Tras la muerte de Luke, Hasley debe seguir con su vida, pasar p\u00e1gina y mirar hacia delante. Cuando su madre le dice que es hora de continuar y dejar el pasado atr\u00e1s esas palabras se le clavan como pu\u00f1ales en el alma, pero no por ello son menos ciertas . Hasley es joven y tiene todo el tiempo del mundo para rehacer su vida y conocer a alguien m\u00e1s. La vida esta llena de oportunidad. Quiz\u00e1s no para Luke, pero si para Hasley y ella sabe que el hubiese querido que ella continuase su camino y cumpliese sus sue\u00f1os. Todo cobra un nuevo sentido con la aparici\u00f3n de Harry Beckinsale, licenciado en derecho, dos a\u00f1os mayor que ella y con la vida en orden. \u00bfSera esta la nueva oportunidad para que los sue\u00f1os de Hasley puedan descansar en paz junto a la memoria de Luke?<\/p>\n","protected":false},"excerpt":{"rendered":"<p>Flor M. Salvador<\/p>\n","protected":false},"featured_media":831,"template":"","meta":{"_joinchat":[]},"product_brand":[],"product_cat":[52,35],"product_tag":[34,57],"class_list":{"0":"post-830","1":"product","2":"type-product","3":"status-publish","4":"has-post-thumbnail","6":"product_cat-juvenil","7":"product_cat-romantica","8":"product_tag-penguin-random-house","9":"product_tag-wattpad","11":"first","12":"outofstock","13":"shipping-taxable","14":"purchasable","15":"product-type-simple"},"_links":{"self":[{"href":"https:\/\/libreriahistoriasdebolsillo.com\/index.php\/wp-json\/wp\/v2\/product\/830","targetHints":{"allow":["GET"]}}],"collection":[{"href":"https:\/\/libreriahistoriasdebolsillo.com\/index.php\/wp-json\/wp\/v2\/product"}],"about":[{"href":"https:\/\/libreriahistoriasdebolsillo.com\/index.php\/wp-json\/wp\/v2\/types\/product"}],"wp:featuredmedia":[{"embeddable":true,"href":"https:\/\/libreriahistoriasdebolsillo.com\/index.php\/wp-json\/wp\/v2\/media\/831"}],"wp:attachment":[{"href":"https:\/\/libreriahistoriasdebolsillo.com\/index.php\/wp-json\/wp\/v2\/media?parent=830"}],"wp:term":[{"taxonomy":"product_brand","embeddable":true,"href":"https:\/\/libreriahistoriasdebolsillo.com\/index.php\/wp-json\/wp\/v2\/product_brand?post=830"},{"taxonomy":"product_cat","embeddable":true,"href":"https:\/\/libreriahistoriasdebolsillo.com\/index.php\/wp-json\/wp\/v2\/product_cat?post=830"},{"taxonomy":"product_tag","embeddable":true,"href":"https:\/\/libreriahistoriasdebolsillo.com\/index.php\/wp-json\/wp\/v2\/product_tag?post=830"}],"curies":[{"name":"wp","href":"https:\/\/api.w.org\/{rel}","templated":true}]}}