{"id":887,"date":"2023-11-20T18:46:08","date_gmt":"2023-11-21T00:46:08","guid":{"rendered":"https:\/\/libreriahistoriasdebolsillo.com\/?post_type=product&#038;p=887"},"modified":"2025-04-21T13:41:42","modified_gmt":"2025-04-21T19:41:42","slug":"un-amor-en-auschwitz-una-historia-real","status":"publish","type":"product","link":"https:\/\/libreriahistoriasdebolsillo.com\/index.php\/producto\/un-amor-en-auschwitz-una-historia-real\/","title":{"rendered":"Un amor en Auschwitz: Una historia real"},"content":{"rendered":"<p>Una legendaria historia de amor, inexplicable e injustamente olvidada.Mala Zimetbaum era una joven encantadora, culta y carism\u00e1tica. Hablaba varios idiomas y las SS la eligieron como int\u00e9rprete y traductora. Una mujer de gran generosidad, que ayudaba en todos los sentidos a sus compa\u00f1eros de prisi\u00f3n. Edek, Edward Galin\u2019ski, era una persona fuera de lo com\u00fan: uno de los primeros deportados a Auschwitz-Birkenau. Fue testigo del nacimiento y crecimiento de la m\u00e1quina de genocidio, pero nunca se dio por vencido. En 1944, aunque el Tercer Reich se aproximaba a la derrota, en los campos de exterminio la masacre continuaba. En este entorno Edek y Mala, enamorados, van al encuentro de su destino. Un cuento de hadas sin final feliz, como a veces ocurre en las historias reales, que la periodista Francesca Paci reconstruye por primera vez a trav\u00e9s de fuentes extra\u00eddas de los archivos del Museo Estatal de Auschwitz, documentos de la \u00e9poca y conversaciones con los pocos testigos de esta historia de amor que siguen vivos.<\/p>\n","protected":false},"excerpt":{"rendered":"<p>Francesca Paci<\/p>\n","protected":false},"featured_media":888,"template":"","meta":{"_joinchat":[]},"product_brand":[],"product_cat":[56,35,55],"product_tag":[34],"class_list":{"0":"post-887","1":"product","2":"type-product","3":"status-publish","4":"has-post-thumbnail","6":"product_cat-historica","7":"product_cat-romantica","8":"product_cat-holocausto","9":"product_tag-penguin-random-house","11":"first","12":"outofstock","13":"shipping-taxable","14":"purchasable","15":"product-type-simple"},"_links":{"self":[{"href":"https:\/\/libreriahistoriasdebolsillo.com\/index.php\/wp-json\/wp\/v2\/product\/887","targetHints":{"allow":["GET"]}}],"collection":[{"href":"https:\/\/libreriahistoriasdebolsillo.com\/index.php\/wp-json\/wp\/v2\/product"}],"about":[{"href":"https:\/\/libreriahistoriasdebolsillo.com\/index.php\/wp-json\/wp\/v2\/types\/product"}],"wp:featuredmedia":[{"embeddable":true,"href":"https:\/\/libreriahistoriasdebolsillo.com\/index.php\/wp-json\/wp\/v2\/media\/888"}],"wp:attachment":[{"href":"https:\/\/libreriahistoriasdebolsillo.com\/index.php\/wp-json\/wp\/v2\/media?parent=887"}],"wp:term":[{"taxonomy":"product_brand","embeddable":true,"href":"https:\/\/libreriahistoriasdebolsillo.com\/index.php\/wp-json\/wp\/v2\/product_brand?post=887"},{"taxonomy":"product_cat","embeddable":true,"href":"https:\/\/libreriahistoriasdebolsillo.com\/index.php\/wp-json\/wp\/v2\/product_cat?post=887"},{"taxonomy":"product_tag","embeddable":true,"href":"https:\/\/libreriahistoriasdebolsillo.com\/index.php\/wp-json\/wp\/v2\/product_tag?post=887"}],"curies":[{"name":"wp","href":"https:\/\/api.w.org\/{rel}","templated":true}]}}