{"id":970,"date":"2023-11-21T11:24:21","date_gmt":"2023-11-21T17:24:21","guid":{"rendered":"https:\/\/libreriahistoriasdebolsillo.com\/?post_type=product&#038;p=970"},"modified":"2024-02-06T17:06:31","modified_gmt":"2024-02-06T23:06:31","slug":"positiva-diario-de-una-chica-vih","status":"publish","type":"product","link":"https:\/\/libreriahistoriasdebolsillo.com\/index.php\/producto\/positiva-diario-de-una-chica-vih\/","title":{"rendered":"Positiva: Diario de una chica VIH+"},"content":{"rendered":"<p>Sobreviv\u00ed al bullying, tengo esperanza y \u00a1voy a cambiar el mundo! La historia que les voy a contar es como la vida: tiene momentos duros, pero otros muy felices. Entre m\u00e1s hablo con la gente, me doy cuenta de que somos muchos los que atravesamos situaciones similares; los que sufrimos por el bullying. Aprend\u00ed que el dolor siempre se va, y las cicatrices que deja nos hacen m\u00e1s fuertes. Nos convierten en guerreros de la vida. Me llamo Paige Rawl y nac\u00ed con VIH+. Aunque muchos lo intentaron, nunca permit\u00ed que eso me definiera. Ahora, les voy a contar mi historia\u2026<\/p>\n","protected":false},"excerpt":{"rendered":"<p>Paige Rawl<\/p>\n","protected":false},"featured_media":971,"template":"","meta":{"_joinchat":[]},"product_brand":[],"product_cat":[58,41],"product_tag":[48],"class_list":{"0":"post-970","1":"product","2":"type-product","3":"status-publish","4":"has-post-thumbnail","6":"product_cat-desarrollo-humano-y-superacion","7":"product_cat-desarrollo-humano","8":"product_tag-vr-editoras","10":"first","11":"outofstock","12":"shipping-taxable","13":"purchasable","14":"product-type-simple"},"_links":{"self":[{"href":"https:\/\/libreriahistoriasdebolsillo.com\/index.php\/wp-json\/wp\/v2\/product\/970","targetHints":{"allow":["GET"]}}],"collection":[{"href":"https:\/\/libreriahistoriasdebolsillo.com\/index.php\/wp-json\/wp\/v2\/product"}],"about":[{"href":"https:\/\/libreriahistoriasdebolsillo.com\/index.php\/wp-json\/wp\/v2\/types\/product"}],"wp:featuredmedia":[{"embeddable":true,"href":"https:\/\/libreriahistoriasdebolsillo.com\/index.php\/wp-json\/wp\/v2\/media\/971"}],"wp:attachment":[{"href":"https:\/\/libreriahistoriasdebolsillo.com\/index.php\/wp-json\/wp\/v2\/media?parent=970"}],"wp:term":[{"taxonomy":"product_brand","embeddable":true,"href":"https:\/\/libreriahistoriasdebolsillo.com\/index.php\/wp-json\/wp\/v2\/product_brand?post=970"},{"taxonomy":"product_cat","embeddable":true,"href":"https:\/\/libreriahistoriasdebolsillo.com\/index.php\/wp-json\/wp\/v2\/product_cat?post=970"},{"taxonomy":"product_tag","embeddable":true,"href":"https:\/\/libreriahistoriasdebolsillo.com\/index.php\/wp-json\/wp\/v2\/product_tag?post=970"}],"curies":[{"name":"wp","href":"https:\/\/api.w.org\/{rel}","templated":true}]}}