{"id":998,"date":"2023-11-21T11:45:07","date_gmt":"2023-11-21T17:45:07","guid":{"rendered":"https:\/\/libreriahistoriasdebolsillo.com\/?post_type=product&#038;p=998"},"modified":"2024-11-05T14:51:46","modified_gmt":"2024-11-05T20:51:46","slug":"mis-emociones-me-dominan","status":"publish","type":"product","link":"https:\/\/libreriahistoriasdebolsillo.com\/index.php\/producto\/mis-emociones-me-dominan\/","title":{"rendered":"Mis emociones me dominan"},"content":{"rendered":"<p>Durante a\u00f1os se les ha ense\u00f1ado a las mujeres que \u201ces m\u00e1s seguro no expresar emociones negativas\u201d. \u00a1Menos a\u00fan hablar de ellas! Y as\u00ed muchas transitan la vida reprimiendo lo que sienten, callando y entregando \u201csu voz\u201d y su derecho a ser felices, a los dem\u00e1s. Mis emociones me dominan es un desaf\u00edo al p\u00fablico femenino para ponerse de pie, liberarse de mitos, mandatos y creencias err\u00f3neas y as\u00ed vivir de acuerdo con su propia identidad. A lo largo de sus p\u00e1ginas, encontrar\u00e1s las herramientas necesarias para aprender a expresar tus emociones sin que ella te dominen, motiv\u00e1ndote y, sobre todo, teniendo fe en ti misma y en tu Creador. Una vez m\u00e1s, Alejandra Stamateas te invita a emprender un viaje por las profundidades de tu mundo interior para descubrir tus potencialidades, tal vez dormidas hasta ahora, y alcanzar la cima de una vida plena y feliz.<\/p>\n","protected":false},"excerpt":{"rendered":"<p>Alejandra Stamateas<\/p>\n","protected":false},"featured_media":999,"template":"","meta":{"_joinchat":[]},"product_brand":[],"product_cat":[58,41],"product_tag":[48],"class_list":{"0":"post-998","1":"product","2":"type-product","3":"status-publish","4":"has-post-thumbnail","6":"product_cat-desarrollo-humano-y-superacion","7":"product_cat-desarrollo-humano","8":"product_tag-vr-editoras","10":"first","11":"instock","12":"shipping-taxable","13":"purchasable","14":"product-type-simple"},"_links":{"self":[{"href":"https:\/\/libreriahistoriasdebolsillo.com\/index.php\/wp-json\/wp\/v2\/product\/998","targetHints":{"allow":["GET"]}}],"collection":[{"href":"https:\/\/libreriahistoriasdebolsillo.com\/index.php\/wp-json\/wp\/v2\/product"}],"about":[{"href":"https:\/\/libreriahistoriasdebolsillo.com\/index.php\/wp-json\/wp\/v2\/types\/product"}],"wp:featuredmedia":[{"embeddable":true,"href":"https:\/\/libreriahistoriasdebolsillo.com\/index.php\/wp-json\/wp\/v2\/media\/999"}],"wp:attachment":[{"href":"https:\/\/libreriahistoriasdebolsillo.com\/index.php\/wp-json\/wp\/v2\/media?parent=998"}],"wp:term":[{"taxonomy":"product_brand","embeddable":true,"href":"https:\/\/libreriahistoriasdebolsillo.com\/index.php\/wp-json\/wp\/v2\/product_brand?post=998"},{"taxonomy":"product_cat","embeddable":true,"href":"https:\/\/libreriahistoriasdebolsillo.com\/index.php\/wp-json\/wp\/v2\/product_cat?post=998"},{"taxonomy":"product_tag","embeddable":true,"href":"https:\/\/libreriahistoriasdebolsillo.com\/index.php\/wp-json\/wp\/v2\/product_tag?post=998"}],"curies":[{"name":"wp","href":"https:\/\/api.w.org\/{rel}","templated":true}]}}